Last updated on 2025-10-26 05:50:13 CET.
| Flavor | Version | Tinstall | Tcheck | Ttotal | Status | Flags |
|---|---|---|---|---|---|---|
| r-devel-linux-x86_64-debian-clang | 0.1-9 | 2.52 | 33.46 | 35.98 | NOTE | |
| r-devel-linux-x86_64-debian-gcc | 0.1-9 | 1.81 | 26.09 | 27.90 | NOTE | |
| r-devel-linux-x86_64-fedora-clang | 0.1-9 | 54.53 | OK | |||
| r-devel-linux-x86_64-fedora-gcc | 0.1-9 | 52.45 | OK | |||
| r-devel-windows-x86_64 | 0.1-9 | 4.00 | 61.00 | 65.00 | OK | |
| r-patched-linux-x86_64 | 0.1-9 | 3.05 | 32.28 | 35.33 | OK | |
| r-release-linux-x86_64 | 0.1-9 | 2.25 | 32.26 | 34.51 | OK | |
| r-release-macos-arm64 | 0.1-9 | 2.00 | 20.00 | 22.00 | OK | |
| r-release-macos-x86_64 | 0.1-9 | 2.00 | 32.00 | 34.00 | OK | |
| r-release-windows-x86_64 | 0.1-9 | 4.00 | 61.00 | 65.00 | OK | |
| r-oldrel-macos-arm64 | 0.1-9 | 1.00 | 18.00 | 19.00 | OK | |
| r-oldrel-macos-x86_64 | 0.1-9 | 2.00 | 27.00 | 29.00 | OK | |
| r-oldrel-windows-x86_64 | 0.1-9 | 4.00 | 69.00 | 73.00 | OK |
Version: 0.1-9
Check: CRAN incoming feasibility
Result: NOTE
Maintainer: ‘Pavel V. Moskalev <moskalefff@gmail.com>’
No Authors@R field in DESCRIPTION.
Please add one, modifying
Authors@R: person(given = c("Pavel", "V."),
family = "Moskalev",
role = c("aut", "cre"),
email = "moskalefff@gmail.com")
as necessary.
Flavors: r-devel-linux-x86_64-debian-clang, r-devel-linux-x86_64-debian-gcc