Last updated on 2025-10-25 13:48:51 CEST.
| Flavor | Version | Tinstall | Tcheck | Ttotal | Status | Flags |
|---|---|---|---|---|---|---|
| r-devel-linux-x86_64-debian-clang | 1.1.2 | 14.15 | 100.87 | 115.02 | OK | |
| r-devel-linux-x86_64-debian-gcc | 1.1.2 | 9.02 | 72.13 | 81.15 | OK | |
| r-devel-linux-x86_64-fedora-clang | 1.1.2 | 43.00 | 136.34 | 179.34 | NOTE | |
| r-devel-linux-x86_64-fedora-gcc | 1.1.2 | 27.00 | 134.94 | 161.94 | NOTE | |
| r-devel-windows-x86_64 | 1.1.2 | 14.00 | 102.00 | 116.00 | OK | |
| r-patched-linux-x86_64 | 1.1.2 | 14.23 | 95.24 | 109.47 | OK | |
| r-release-linux-x86_64 | 1.1.2 | 12.42 | 96.32 | 108.74 | OK | |
| r-release-macos-arm64 | 1.1.2 | 5.00 | 44.00 | 49.00 | OK | |
| r-release-macos-x86_64 | 1.1.2 | 12.00 | 74.00 | 86.00 | OK | |
| r-release-windows-x86_64 | 1.1.2 | 17.00 | 103.00 | 120.00 | OK | |
| r-oldrel-macos-arm64 | 1.1.2 | 5.00 | 38.00 | 43.00 | OK | |
| r-oldrel-macos-x86_64 | 1.1.2 | 8.00 | 61.00 | 69.00 | OK | |
| r-oldrel-windows-x86_64 | 1.1.2 | 17.00 | 133.00 | 150.00 | OK |
Version: 1.1.2
Check: dependencies in R code
Result: NOTE
Namespace in Imports field not imported from: ‘rlist’
All declared Imports should be used.
Flavors: r-devel-linux-x86_64-fedora-clang, r-devel-linux-x86_64-fedora-gcc