Last updated on 2025-07-20 01:49:41 CEST.
Flavor | Version | Tinstall | Tcheck | Ttotal | Status | Flags |
---|---|---|---|---|---|---|
r-devel-linux-x86_64-debian-clang | 1.4.0 | 3.72 | 51.20 | 54.92 | NOTE | |
r-devel-linux-x86_64-debian-gcc | 1.4.0 | 2.60 | 38.68 | 41.28 | NOTE | |
r-devel-linux-x86_64-fedora-clang | 1.4.0 | 81.45 | OK | |||
r-devel-linux-x86_64-fedora-gcc | 1.4.0 | 92.54 | OK | |||
r-devel-windows-x86_64 | 1.4.0 | 5.00 | 78.00 | 83.00 | OK | |
r-patched-linux-x86_64 | 1.4.0 | 4.35 | 47.53 | 51.88 | OK | |
r-release-linux-x86_64 | 1.4.0 | 3.49 | 47.35 | 50.84 | OK | |
r-release-macos-arm64 | 1.4.0 | 35.00 | OK | |||
r-release-macos-x86_64 | 1.4.0 | 63.00 | OK | |||
r-release-windows-x86_64 | 1.4.0 | 4.00 | 76.00 | 80.00 | OK | |
r-oldrel-macos-arm64 | 1.4.0 | 30.00 | OK | |||
r-oldrel-macos-x86_64 | 1.4.0 | 50.00 | OK | |||
r-oldrel-windows-x86_64 | 1.4.0 | 4.00 | 88.00 | 92.00 | OK |
Version: 1.4.0
Check: CRAN incoming feasibility
Result: NOTE
Maintainer: ‘Luis Benavides <luisbv@tec.mx>’
The Description field contains
(2019) <arXiv:1901.04443>.
Please refer to arXiv e-prints via their arXiv DOI <doi:10.48550/arXiv.YYMM.NNNNN>.
Flavors: r-devel-linux-x86_64-debian-clang, r-devel-linux-x86_64-debian-gcc