Last updated on 2025-10-26 01:50:01 CEST.
| Flavor | Version | Tinstall | Tcheck | Ttotal | Status | Flags |
|---|---|---|---|---|---|---|
| r-devel-linux-x86_64-debian-clang | 1.0.0 | 7.32 | 61.15 | 68.47 | NOTE | |
| r-devel-linux-x86_64-debian-gcc | 1.0.0 | 5.02 | 45.53 | 50.55 | NOTE | |
| r-devel-linux-x86_64-fedora-clang | 1.0.0 | 22.00 | 92.01 | 114.01 | OK | |
| r-devel-linux-x86_64-fedora-gcc | 1.0.0 | 16.00 | 86.06 | 102.06 | OK | |
| r-devel-windows-x86_64 | 1.0.0 | 8.00 | 75.00 | 83.00 | OK | |
| r-patched-linux-x86_64 | 1.0.0 | 6.68 | 59.33 | 66.01 | OK | |
| r-release-linux-x86_64 | 1.0.0 | 6.22 | 58.80 | 65.02 | OK | |
| r-release-macos-arm64 | 1.0.0 | 4.00 | 32.00 | 36.00 | OK | |
| r-release-macos-x86_64 | 1.0.0 | 7.00 | 58.00 | 65.00 | OK | |
| r-release-windows-x86_64 | 1.0.0 | 9.00 | 76.00 | 85.00 | OK | |
| r-oldrel-macos-arm64 | 1.0.0 | 3.00 | 28.00 | 31.00 | OK | |
| r-oldrel-macos-x86_64 | 1.0.0 | 5.00 | 45.00 | 50.00 | OK | |
| r-oldrel-windows-x86_64 | 1.0.0 | 16.00 | 93.00 | 109.00 | OK |
Version: 1.0.0
Check: CRAN incoming feasibility
Result: NOTE
Maintainer: ‘Xianyang Zhang <zhangxiany@stat.tamu.edu>’
No Authors@R field in DESCRIPTION.
Please add one, modifying
Authors@R: c(person(given = "Xianyang",
family = "Zhang",
role = c("aut", "cre"),
email = "zhangxiany@stat.tamu.edu"),
person(given = "Guang",
family = "Cheng",
role = "aut"),
person(given = "Jincheng",
family = "Bai",
role = "aut"))
as necessary.
Flavors: r-devel-linux-x86_64-debian-clang, r-devel-linux-x86_64-debian-gcc