Last updated on 2025-10-25 09:49:43 CEST.
| Flavor | Version | Tinstall | Tcheck | Ttotal | Status | Flags |
|---|---|---|---|---|---|---|
| r-devel-linux-x86_64-debian-clang | 0.1.4 | 29.83 | 26.74 | 56.57 | WARN | |
| r-devel-linux-x86_64-debian-gcc | 0.1.4 | 18.76 | 21.47 | 40.23 | WARN | |
| r-devel-linux-x86_64-fedora-clang | 0.1.4 | 172.00 | -66.69 | 105.31 | NOTE | |
| r-devel-linux-x86_64-fedora-gcc | 0.1.4 | 68.00 | 25.09 | 93.09 | NOTE | |
| r-devel-windows-x86_64 | 0.1.4 | 37.00 | 63.00 | 100.00 | NOTE | |
| r-patched-linux-x86_64 | 0.1.4 | 32.69 | 24.60 | 57.29 | NOTE | |
| r-release-linux-x86_64 | 0.1.4 | 31.42 | 24.71 | 56.13 | NOTE | |
| r-release-macos-arm64 | 0.1.4 | 13.00 | 18.00 | 31.00 | NOTE | |
| r-release-macos-x86_64 | 0.1.4 | 17.00 | 29.00 | 46.00 | NOTE | |
| r-release-windows-x86_64 | 0.1.4 | 38.00 | 66.00 | 104.00 | NOTE | |
| r-oldrel-macos-arm64 | 0.1.4 | 12.00 | 17.00 | 29.00 | NOTE | |
| r-oldrel-macos-x86_64 | 0.1.4 | 20.00 | 29.00 | 49.00 | NOTE | |
| r-oldrel-windows-x86_64 | 0.1.4 | 43.00 | 77.00 | 120.00 | NOTE |
Version: 0.1.4
Check: CRAN incoming feasibility
Result: NOTE
Maintainer: ‘Utz-Uwe Haus <uhaus@cray.com>’
Package CITATION file contains call(s) to old-style personList() or
as.personList(). Please use c() on person objects instead.
Found the following (possibly) invalid file URIs:
URI: github
From: README.md
URI: Win-Builder
From: README.md
Flavors: r-devel-linux-x86_64-debian-clang, r-devel-linux-x86_64-debian-gcc
Version: 0.1.4
Check: whether package can be installed
Result: WARN
Found the following significant warnings:
/home/hornik/tmp/R.check/r-devel-clang/Work/build/Packages/RcppArmadillo/include/RcppArmadillo/version/arma.h:66:17: warning: Using fallback compilation with Armadillo 14.6.3. Please consider defining -DARMA_USE_CURRENT and also removing C++11 compilation directive. See GitHub issue #475 for more. [-W#pragma-messages]
See ‘/home/hornik/tmp/R.check/r-devel-clang/Work/PKGS/SFS.Rcheck/00install.out’ for details.
* used C++ compiler: ‘Debian clang version 19.1.7 (7)’
Flavor: r-devel-linux-x86_64-debian-clang
Version: 0.1.4
Check: C++ specification
Result: NOTE
Specified C++11: please drop specification unless essential
Flavors: r-devel-linux-x86_64-debian-clang, r-devel-linux-x86_64-debian-gcc, r-devel-linux-x86_64-fedora-clang, r-devel-linux-x86_64-fedora-gcc, r-devel-windows-x86_64, r-patched-linux-x86_64, r-release-linux-x86_64, r-release-macos-arm64, r-release-macos-x86_64, r-release-windows-x86_64, r-oldrel-macos-arm64, r-oldrel-macos-x86_64, r-oldrel-windows-x86_64
Version: 0.1.4
Check: whether package can be installed
Result: WARN
Found the following significant warnings:
/home/hornik/tmp/R.check/r-devel-gcc/Work/build/Packages/RcppArmadillo/include/RcppArmadillo/version/arma.h:66:199: note: ‘#pragma message: Using fallback compilation with Armadillo 14.6.3. Please consider defining -DARMA_USE_CURRENT and also removing C++11 compilation directive. See GitHub issue #475 for more.’
See ‘/home/hornik/tmp/R.check/r-devel-gcc/Work/PKGS/SFS.Rcheck/00install.out’ for details.
* used C++ compiler: ‘g++-15 (Debian 15.2.0-4) 15.2.0’
Flavor: r-devel-linux-x86_64-debian-gcc