Last updated on 2025-10-25 13:48:49 CEST.
| Flavor | Version | Tinstall | Tcheck | Ttotal | Status | Flags |
|---|---|---|---|---|---|---|
| r-devel-linux-x86_64-debian-clang | 2.0.1 | 262.59 | 690.86 | 953.45 | OK | |
| r-devel-linux-x86_64-debian-gcc | 2.0.1 | 158.39 | 384.84 | 543.23 | OK | |
| r-devel-linux-x86_64-fedora-clang | 2.0.1 | 1380.00 | 301.66 | 1681.66 | OK | |
| r-devel-linux-x86_64-fedora-gcc | 2.0.1 | 510.00 | 934.99 | 1444.99 | OK | |
| r-devel-windows-x86_64 | 2.0.1 | 219.00 | 428.00 | 647.00 | OK | |
| r-patched-linux-x86_64 | 2.0.1 | 244.71 | 642.07 | 886.78 | OK | |
| r-release-linux-x86_64 | 2.0.1 | 245.51 | 645.00 | 890.51 | OK | |
| r-release-macos-arm64 | 2.0.1 | 116.00 | 177.00 | 293.00 | OK | |
| r-release-macos-x86_64 | 2.0.1 | 224.00 | 416.00 | 640.00 | OK | |
| r-release-windows-x86_64 | 2.0.1 | 210.00 | 440.00 | 650.00 | OK | |
| r-oldrel-macos-arm64 | 2.0.1 | 93.00 | 161.00 | 254.00 | NOTE | |
| r-oldrel-macos-x86_64 | 2.0.1 | 163.00 | 315.00 | 478.00 | NOTE | |
| r-oldrel-windows-x86_64 | 2.0.1 | 316.00 | 628.00 | 944.00 | NOTE |
Version: 2.0.1
Check: installed package size
Result: NOTE
installed size is 9.2Mb
sub-directories of 1Mb or more:
R 8.6Mb
Flavors: r-oldrel-macos-arm64, r-oldrel-macos-x86_64, r-oldrel-windows-x86_64