CRAN Package Check Results for Package SCoRES

Last updated on 2025-11-26 01:50:20 CET.

Flavor Version Tinstall Tcheck Ttotal Status Flags
r-devel-linux-x86_64-debian-clang 0.1.2 17.20 352.36 369.56 OK
r-devel-linux-x86_64-debian-gcc 0.1.2 12.43 244.94 257.37 OK
r-devel-linux-x86_64-fedora-clang 0.1.2 70.00 543.14 613.14 OK
r-devel-linux-x86_64-fedora-gcc 0.1.2 38.00 544.95 582.95 OK
r-patched-linux-x86_64 0.1.2 16.31 345.27 361.58 OK
r-release-linux-x86_64 0.1.2 15.18 347.26 362.44 OK
r-release-macos-arm64 0.1.2 4.00 80.00 84.00 OK
r-release-macos-x86_64 0.1.2 28.00 576.00 604.00 OK
r-oldrel-macos-arm64 0.1.2 4.00 100.00 104.00 NOTE
r-oldrel-macos-x86_64 0.1.2 18.00 313.00 331.00 NOTE
r-oldrel-windows-x86_64 0.1.2 28.00 463.00 491.00 NOTE

Check Details

Version: 0.1.2
Check: installed package size
Result: NOTE installed size is 5.6Mb sub-directories of 1Mb or more: data 4.0Mb lib 1.1Mb Flavors: r-oldrel-macos-arm64, r-oldrel-macos-x86_64, r-oldrel-windows-x86_64