Last updated on 2025-10-26 01:50:00 CEST.
| Flavor | Version | Tinstall | Tcheck | Ttotal | Status | Flags |
|---|---|---|---|---|---|---|
| r-devel-linux-x86_64-debian-clang | 1.0.0 | 56.17 | 433.55 | 489.72 | OK | |
| r-devel-linux-x86_64-debian-gcc | 1.0.0 | 39.11 | 303.97 | 343.08 | OK | |
| r-devel-linux-x86_64-fedora-clang | 1.0.0 | 273.00 | 549.99 | 822.99 | OK | |
| r-devel-linux-x86_64-fedora-gcc | 1.0.0 | 300.00 | 496.36 | 796.36 | OK | |
| r-devel-windows-x86_64 | 1.0.0 | 56.00 | 348.00 | 404.00 | OK | |
| r-patched-linux-x86_64 | 1.0.0 | 59.06 | 412.45 | 471.51 | OK | |
| r-release-linux-x86_64 | 1.0.0 | 55.74 | 413.24 | 468.98 | OK | |
| r-release-macos-arm64 | 1.0.0 | 24.00 | 154.00 | 178.00 | OK | |
| r-release-macos-x86_64 | 1.0.0 | 66.00 | 407.00 | 473.00 | OK | |
| r-release-windows-x86_64 | 1.0.0 | 53.00 | 348.00 | 401.00 | OK | |
| r-oldrel-macos-arm64 | 1.0.0 | 27.00 | 165.00 | 192.00 | OK | |
| r-oldrel-macos-x86_64 | 1.0.0 | 36.00 | 229.00 | 265.00 | NOTE | |
| r-oldrel-windows-x86_64 | 1.0.0 | 72.00 | 477.00 | 549.00 | OK |
Version: 1.0.0
Check: package dependencies
Result: NOTE
Package suggested but not available for checking: ‘Linnorm’
Flavor: r-oldrel-macos-x86_64