CRAN Package Check Results for Package SASmixed

Last updated on 2025-10-25 09:49:43 CEST.

Flavor Version Tinstall Tcheck Ttotal Status Flags
r-devel-linux-x86_64-debian-clang 1.0-4 1.54 36.81 38.35 NOTE
r-devel-linux-x86_64-debian-gcc 1.0-4 1.29 27.13 28.42 NOTE
r-devel-linux-x86_64-fedora-clang 1.0-4 59.84 OK
r-devel-linux-x86_64-fedora-gcc 1.0-4 67.49 OK
r-devel-windows-x86_64 1.0-4 3.00 75.00 78.00 OK
r-patched-linux-x86_64 1.0-4 1.84 34.53 36.37 OK
r-release-linux-x86_64 1.0-4 1.50 34.49 35.99 OK
r-release-macos-arm64 1.0-4 1.00 52.00 53.00 OK
r-release-macos-x86_64 1.0-4 2.00 53.00 55.00 OK
r-release-windows-x86_64 1.0-4 4.00 78.00 82.00 OK
r-oldrel-macos-arm64 1.0-4 1.00 23.00 24.00 OK
r-oldrel-macos-x86_64 1.0-4 1.00 42.00 43.00 OK
r-oldrel-windows-x86_64 1.0-4 3.00 81.00 84.00 OK

Check Details

Version: 1.0-4
Check: CRAN incoming feasibility
Result: NOTE Maintainer: ‘Steven Walker <steve.walker@utoronto.ca>’ No Authors@R field in DESCRIPTION. Please add one, modifying Authors@R: c(person(given = c("Original", "by"), family = "Littell", role = "aut"), person(family = "Milliken", role = "aut"), person(family = "Stroup", role = "aut"), person(family = "Wolfinger", role = "aut"), person(given = c("modifications", "by", "Douglas"), family = "Bates", role = "aut", email = "bates@stat.wisc.edu"), person(given = "Martin", family = "Maechler", role = "aut"), person(given = "Ben", family = "Bolker", role = "aut"), person(given = "Steven", family = "Walker", role = c("aut", "cre"), email = "steve.walker@utoronto.ca")) as necessary. Flavors: r-devel-linux-x86_64-debian-clang, r-devel-linux-x86_64-debian-gcc