Last updated on 2025-07-19 21:49:48 CEST.
Flavor | Version | Tinstall | Tcheck | Ttotal | Status | Flags |
---|---|---|---|---|---|---|
r-devel-linux-x86_64-debian-clang | 1.2.1 | 16.13 | 176.76 | 192.89 | NOTE | |
r-devel-linux-x86_64-debian-gcc | 1.2.1 | 12.71 | 130.48 | 143.19 | NOTE | |
r-devel-linux-x86_64-fedora-clang | 1.2.1 | 303.86 | OK | |||
r-devel-linux-x86_64-fedora-gcc | 1.2.1 | 304.46 | OK | |||
r-devel-windows-x86_64 | 1.2.1 | 16.00 | 403.00 | 419.00 | OK | |
r-patched-linux-x86_64 | 1.2.1 | 16.40 | 174.07 | 190.47 | OK | |
r-release-linux-x86_64 | 1.2.1 | 16.42 | 169.38 | 185.80 | OK | |
r-release-macos-arm64 | 1.2.1 | 230.00 | OK | |||
r-release-macos-x86_64 | 1.2.1 | 479.00 | OK | |||
r-release-windows-x86_64 | 1.2.1 | 16.00 | 402.00 | 418.00 | OK | |
r-oldrel-macos-arm64 | 1.2.1 | 201.00 | OK | |||
r-oldrel-macos-x86_64 | 1.2.1 | 337.00 | OK | |||
r-oldrel-windows-x86_64 | 1.2.1 | 23.00 | 528.00 | 551.00 | OK |
Version: 1.2.1
Check: CRAN incoming feasibility
Result: NOTE
Maintainer: ‘Houjie Wang <wanghoujie6688@gmail.com>’
The Description field contains
Wang, H. & Yoshida, R. (2020) <arXiv:2003.00677>. Details about
Please refer to arXiv e-prints via their arXiv DOI <doi:10.48550/arXiv.YYMM.NNNNN>.
Flavors: r-devel-linux-x86_64-debian-clang, r-devel-linux-x86_64-debian-gcc