CRAN Package Check Results for Package Rspotify

Last updated on 2025-10-25 17:48:50 CEST.

Flavor Version Tinstall Tcheck Ttotal Status Flags
r-devel-linux-x86_64-debian-clang 0.1.2 1.83 20.41 22.24 NOTE
r-devel-linux-x86_64-debian-gcc 0.1.2 1.51 16.74 18.25 NOTE
r-devel-linux-x86_64-fedora-clang 0.1.2 13.00 21.87 34.87 NOTE
r-devel-linux-x86_64-fedora-gcc 0.1.2 31.59 NOTE
r-devel-windows-x86_64 0.1.2 4.00 39.00 43.00 OK
r-patched-linux-x86_64 0.1.2 2.14 19.20 21.34 OK
r-release-linux-x86_64 0.1.2 1.93 19.29 21.22 OK
r-release-macos-arm64 0.1.2 1.00 14.00 15.00 OK
r-release-macos-x86_64 0.1.2 2.00 21.00 23.00 OK
r-release-windows-x86_64 0.1.2 4.00 43.00 47.00 OK
r-oldrel-macos-arm64 0.1.2 1.00 14.00 15.00 NOTE
r-oldrel-macos-x86_64 0.1.2 2.00 19.00 21.00 NOTE
r-oldrel-windows-x86_64 0.1.2 4.00 45.00 49.00 NOTE

Check Details

Version: 0.1.2
Check: CRAN incoming feasibility
Result: NOTE Maintainer: ‘Tiago Mendes Dantas <t.mendesdantas@gmail.com>’ No Authors@R field in DESCRIPTION. Please add one, modifying Authors@R: person(given = c("Tiago", "Mendes"), family = "Dantas", role = c("aut", "cre"), email = "t.mendesdantas@gmail.com") as necessary. Flavors: r-devel-linux-x86_64-debian-clang, r-devel-linux-x86_64-debian-gcc

Version: 0.1.2
Check: dependencies in R code
Result: NOTE Namespace in Imports field not imported from: ‘magrittr’ All declared Imports should be used. Flavors: r-devel-linux-x86_64-fedora-clang, r-devel-linux-x86_64-fedora-gcc

Version: 0.1.2
Check: LazyData
Result: NOTE 'LazyData' is specified without a 'data' directory Flavors: r-oldrel-macos-arm64, r-oldrel-macos-x86_64, r-oldrel-windows-x86_64