Last updated on 2025-10-25 13:48:49 CEST.
| Flavor | Version | Tinstall | Tcheck | Ttotal | Status | Flags | 
|---|---|---|---|---|---|---|
| r-devel-linux-x86_64-debian-clang | 1.8-15 | 27.14 | 23.89 | 51.03 | NOTE | |
| r-devel-linux-x86_64-debian-gcc | 1.8-15 | 22.78 | 19.48 | 42.26 | NOTE | |
| r-devel-linux-x86_64-fedora-clang | 1.8-15 | 122.00 | -55.73 | 66.27 | NOTE | |
| r-devel-linux-x86_64-fedora-gcc | 1.8-15 | 44.00 | 21.33 | 65.33 | NOTE | |
| r-devel-windows-x86_64 | 1.8-15 | 72.00 | 109.00 | 181.00 | NOTE | |
| r-patched-linux-x86_64 | 1.8-15 | 27.09 | 22.63 | 49.72 | NOTE | |
| r-release-linux-x86_64 | 1.8-15 | 26.85 | 22.47 | 49.32 | NOTE | |
| r-release-macos-arm64 | 1.8-15 | 31.00 | 18.00 | 49.00 | WARN | |
| r-release-macos-x86_64 | 1.8-15 | 59.00 | 24.00 | 83.00 | WARN | |
| r-release-windows-x86_64 | 1.8-15 | 72.00 | 98.00 | 170.00 | NOTE | |
| r-oldrel-macos-arm64 | 1.8-15 | 32.00 | 35.00 | 67.00 | WARN | |
| r-oldrel-macos-x86_64 | 1.8-15 | 57.00 | 35.00 | 92.00 | WARN | |
| r-oldrel-windows-x86_64 | 1.8-15 | 85.00 | 95.00 | 180.00 | NOTE | 
Version: 1.8-15
Check: CRAN incoming feasibility
Result: NOTE
  Maintainer: ‘Simon Urbanek <Simon.Urbanek@r-project.org>’
  
  Package has FOSS license, installs .class/.jar but has no 'java' directory.
  
  The BugReports field in DESCRIPTION has
    https://github.com/s-u/Rserve
  which should likely be
    https://github.com/s-u/Rserve/issues
  instead.
Flavors: r-devel-linux-x86_64-debian-clang, r-devel-linux-x86_64-debian-gcc
Version: 1.8-15
Check: compiled code
Result: NOTE
  Note: information on .o files is not available
  File ‘/home/hornik/tmp/R.check/r-devel-clang/Work/build/Packages/Rserve/libs/Rserve.so’:
    Found ‘exit’, possibly from ‘exit’ (C)
    Found ‘rand’, possibly from ‘rand’ (C)
    Found ‘random’, possibly from ‘random’ (C)
    Found ‘srandom’, possibly from ‘srandom’ (C)
    Found ‘stderr’, possibly from ‘stderr’ (C)
  File ‘Rserve/libs/Rserve.so’:
    Found non-API calls to R: ‘BODY’, ‘FORMALS’, ‘R_Consolefile’,
      ‘R_Outputfile’, ‘R_TempDir’, ‘R_Visible’, ‘R_curErrorBuf’,
      ‘ptr_R_Busy’, ‘ptr_R_ClearerrConsole’, ‘ptr_R_FlushConsole’,
      ‘ptr_R_ReadConsole’, ‘ptr_R_ResetConsole’, ‘ptr_R_ShowMessage’,
      ‘ptr_R_WriteConsole’, ‘ptr_R_WriteConsoleEx’
  
  Compiled code should not call entry points which might terminate R nor
  write to stdout/stderr instead of to the console, nor use Fortran I/O
  nor system RNGs nor [v]sprintf. The detected symbols are linked into
  the code but might come from libraries and not actually be called.
  Compiled code should not call non-API entry points in R.
  
  See ‘Writing portable packages’ in the ‘Writing R Extensions’ manual,
  and section ‘Moving into C API compliance’ for issues with the use of
  non-API entry points.
Flavor: r-devel-linux-x86_64-debian-clang
Version: 1.8-15
Check: compiled code
Result: NOTE
  Note: information on .o files is not available
  File ‘/home/hornik/tmp/R.check/r-devel-gcc/Work/build/Packages/Rserve/libs/Rserve.so’:
    Found ‘exit’, possibly from ‘exit’ (C)
    Found ‘rand’, possibly from ‘rand’ (C)
    Found ‘random’, possibly from ‘random’ (C)
    Found ‘srandom’, possibly from ‘srandom’ (C)
    Found ‘stderr’, possibly from ‘stderr’ (C)
  File ‘Rserve/libs/Rserve.so’:
    Found non-API calls to R: ‘BODY’, ‘FORMALS’, ‘R_Consolefile’,
      ‘R_Outputfile’, ‘R_TempDir’, ‘R_Visible’, ‘R_curErrorBuf’,
      ‘ptr_R_Busy’, ‘ptr_R_ClearerrConsole’, ‘ptr_R_FlushConsole’,
      ‘ptr_R_ReadConsole’, ‘ptr_R_ResetConsole’, ‘ptr_R_ShowMessage’,
      ‘ptr_R_WriteConsole’, ‘ptr_R_WriteConsoleEx’
  
  Compiled code should not call entry points which might terminate R nor
  write to stdout/stderr instead of to the console, nor use Fortran I/O
  nor system RNGs nor [v]sprintf. The detected symbols are linked into
  the code but might come from libraries and not actually be called.
  Compiled code should not call non-API entry points in R.
  
  See ‘Writing portable packages’ in the ‘Writing R Extensions’ manual,
  and section ‘Moving into C API compliance’ for issues with the use of
  non-API entry points.
Flavor: r-devel-linux-x86_64-debian-gcc
Version: 1.8-15
Check: compiled code
Result: NOTE
  Note: information on .o files is not available
  File ‘/data/gannet/ripley/R/packages/tests-clang/Rserve.Rcheck/Rserve/libs/Rserve.so’:
    Found ‘exit’, possibly from ‘exit’ (C)
    Found ‘rand’, possibly from ‘rand’ (C), ‘rand’ (Fortran)
    Found ‘random’, possibly from ‘random’ (C)
    Found ‘srandom’, possibly from ‘srandom’ (C)
    Found ‘stderr’, possibly from ‘stderr’ (C)
  File ‘Rserve/libs/Rserve.so’:
    Found non-API calls to R: ‘BODY’, ‘FORMALS’, ‘R_Consolefile’,
      ‘R_Outputfile’, ‘R_TempDir’, ‘R_Visible’, ‘R_curErrorBuf’,
      ‘ptr_R_Busy’, ‘ptr_R_ClearerrConsole’, ‘ptr_R_FlushConsole’,
      ‘ptr_R_ReadConsole’, ‘ptr_R_ResetConsole’, ‘ptr_R_ShowMessage’,
      ‘ptr_R_WriteConsole’, ‘ptr_R_WriteConsoleEx’
  File ‘Rserve/libs/Rserve.so’:
    Found no calls to: ‘R_registerRoutines’, ‘R_useDynamicSymbols’
  
  Compiled code should not call entry points which might terminate R nor
  write to stdout/stderr instead of to the console, nor use Fortran I/O
  nor system RNGs nor [v]sprintf. The detected symbols are linked into
  the code but might come from libraries and not actually be called.
  Compiled code should not call non-API entry points in R.
  It is good practice to register native routines and to disable symbol
  search.
  
  See ‘Writing portable packages’ in the ‘Writing R Extensions’ manual,
  and section ‘Moving into C API compliance’ for issues with the use of
  non-API entry points.
Flavor: r-devel-linux-x86_64-fedora-clang
Version: 1.8-15
Check: compiled code
Result: NOTE
  Note: information on .o files is not available
  File ‘/data/gannet/ripley/R/packages/tests-devel/Rserve.Rcheck/Rserve/libs/Rserve.so’:
    Found ‘exit’, possibly from ‘exit’ (C)
    Found ‘rand’, possibly from ‘rand’ (C)
    Found ‘random’, possibly from ‘random’ (C)
    Found ‘srandom’, possibly from ‘srandom’ (C)
    Found ‘stderr’, possibly from ‘stderr’ (C)
  File ‘Rserve/libs/Rserve.so’:
    Found non-API calls to R: ‘BODY’, ‘FORMALS’, ‘R_Consolefile’,
      ‘R_Outputfile’, ‘R_TempDir’, ‘R_Visible’, ‘R_curErrorBuf’,
      ‘ptr_R_Busy’, ‘ptr_R_ClearerrConsole’, ‘ptr_R_FlushConsole’,
      ‘ptr_R_ReadConsole’, ‘ptr_R_ResetConsole’, ‘ptr_R_ShowMessage’,
      ‘ptr_R_WriteConsole’, ‘ptr_R_WriteConsoleEx’
  File ‘Rserve/libs/Rserve.so’:
    Found no calls to: ‘R_registerRoutines’, ‘R_useDynamicSymbols’
  
  Compiled code should not call entry points which might terminate R nor
  write to stdout/stderr instead of to the console, nor use Fortran I/O
  nor system RNGs nor [v]sprintf. The detected symbols are linked into
  the code but might come from libraries and not actually be called.
  Compiled code should not call non-API entry points in R.
  It is good practice to register native routines and to disable symbol
  search.
  
  See ‘Writing portable packages’ in the ‘Writing R Extensions’ manual,
  and section ‘Moving into C API compliance’ for issues with the use of
  non-API entry points.
Flavor: r-devel-linux-x86_64-fedora-gcc
Version: 1.8-15
Check: compiled code
Result: NOTE
  Note: information on .o files for x64 is not available
  File 'd:/Rcompile/CRANpkg/lib/4.6/Rserve/libs/x64/Rserve.dll':
    Found '_exit', possibly from '_exit' (C)
    Found 'abort', possibly from 'abort' (C), 'runtime' (Fortran)
    Found 'exit', possibly from 'exit' (C), 'stop' (Fortran)
    Found 'rand', possibly from 'rand' (C)
    Found 'srand', possibly from 'srand' (C)
  File 'Rserve/libs/x64/Rserve.dll':
    Found non-API calls to R: 'BODY', 'FORMALS', 'R_Interactive',
      'R_Visible', 'R_curErrorBuf', 'Rf_initialize_R', 'setup_Rmainloop'
  
  Compiled code should not call entry points which might terminate R nor
  write to stdout/stderr instead of to the console, nor use Fortran I/O
  nor system RNGs nor [v]sprintf. The detected symbols are linked into
  the code but might come from libraries and not actually be called.
  Compiled code should not call non-API entry points in R.
  
  See 'Writing portable packages' in the 'Writing R Extensions' manual,
  and section 'Moving into C API compliance' for issues with the use of
  non-API entry points.
Flavor: r-devel-windows-x86_64
Version: 1.8-15
Check: compiled code
Result: NOTE
  Note: information on .o files is not available
  File ‘/home/hornik/tmp/R.check/r-patched-gcc/Work/build/Packages/Rserve/libs/Rserve.so’:
    Found ‘exit’, possibly from ‘exit’ (C)
    Found ‘rand’, possibly from ‘rand’ (C)
    Found ‘random’, possibly from ‘random’ (C)
    Found ‘srandom’, possibly from ‘srandom’ (C)
    Found ‘stderr’, possibly from ‘stderr’ (C)
  File ‘Rserve/libs/Rserve.so’:
    Found non-API calls to R: ‘BODY’, ‘FORMALS’, ‘R_Consolefile’,
      ‘R_Outputfile’, ‘R_TempDir’, ‘R_Visible’, ‘R_curErrorBuf’,
      ‘ptr_R_Busy’, ‘ptr_R_ClearerrConsole’, ‘ptr_R_FlushConsole’,
      ‘ptr_R_ReadConsole’, ‘ptr_R_ResetConsole’, ‘ptr_R_ShowMessage’,
      ‘ptr_R_WriteConsole’, ‘ptr_R_WriteConsoleEx’
  
  Compiled code should not call entry points which might terminate R nor
  write to stdout/stderr instead of to the console, nor use Fortran I/O
  nor system RNGs nor [v]sprintf. The detected symbols are linked into
  the code but might come from libraries and not actually be called.
  Compiled code should not call non-API entry points in R.
  
  See ‘Writing portable packages’ in the ‘Writing R Extensions’ manual,
  and section ‘Moving into C API compliance’ for issues with the use of
  non-API entry points.
Flavor: r-patched-linux-x86_64
Version: 1.8-15
Check: compiled code
Result: NOTE
  Note: information on .o files is not available
  File ‘/home/hornik/tmp/R.check/r-release-gcc/Work/build/Packages/Rserve/libs/Rserve.so’:
    Found ‘exit’, possibly from ‘exit’ (C)
    Found ‘rand’, possibly from ‘rand’ (C)
    Found ‘random’, possibly from ‘random’ (C)
    Found ‘srandom’, possibly from ‘srandom’ (C)
    Found ‘stderr’, possibly from ‘stderr’ (C)
  File ‘Rserve/libs/Rserve.so’:
    Found non-API calls to R: ‘BODY’, ‘FORMALS’, ‘R_Consolefile’,
      ‘R_Outputfile’, ‘R_TempDir’, ‘R_Visible’, ‘R_curErrorBuf’,
      ‘ptr_R_Busy’, ‘ptr_R_ClearerrConsole’, ‘ptr_R_FlushConsole’,
      ‘ptr_R_ReadConsole’, ‘ptr_R_ResetConsole’, ‘ptr_R_ShowMessage’,
      ‘ptr_R_WriteConsole’, ‘ptr_R_WriteConsoleEx’
  
  Compiled code should not call entry points which might terminate R nor
  write to stdout/stderr instead of to the console, nor use Fortran I/O
  nor system RNGs nor [v]sprintf. The detected symbols are linked into
  the code but might come from libraries and not actually be called.
  Compiled code should not call non-API entry points in R.
  
  See ‘Writing portable packages’ in the ‘Writing R Extensions’ manual,
  and section ‘Moving into C API compliance’ for issues with the use of
  non-API entry points.
Flavor: r-release-linux-x86_64
Version: 1.8-15
Check: compiled code
Result: WARN
  Note: information on .o files is not available
  File ‘/Volumes/Builds/packages/big-sur-arm64/results/4.5/Rserve.Rcheck/Rserve/libs/Rserve.so’:
    Found ‘___stderrp’, possibly from ‘stderr’ (C)
    Found ‘_abort’, possibly from ‘abort’ (C)
    Found ‘_exit’, possibly from ‘exit’ (C)
    Found ‘_rand’, possibly from ‘rand’ (C)
    Found ‘_random’, possibly from ‘random’ (C)
    Found ‘_sprintf’, possibly from ‘sprintf’ (C)
    Found ‘_srandom’, possibly from ‘srandom’ (C)
  File ‘Rserve/libs/Rserve.so’:
    Found non-API calls to R: ‘BODY’, ‘FORMALS’, ‘R_Consolefile’,
      ‘R_Outputfile’, ‘R_TempDir’, ‘R_Visible’, ‘R_curErrorBuf’,
      ‘ptr_R_Busy’, ‘ptr_R_ClearerrConsole’, ‘ptr_R_FlushConsole’,
      ‘ptr_R_ReadConsole’, ‘ptr_R_ResetConsole’, ‘ptr_R_ShowMessage’,
      ‘ptr_R_WriteConsole’, ‘ptr_R_WriteConsoleEx’
  
  Compiled code should not call entry points which might terminate R nor
  write to stdout/stderr instead of to the console, nor use Fortran I/O
  nor system RNGs nor [v]sprintf. The detected symbols are linked into
  the code but might come from libraries and not actually be called.
  Compiled code should not call non-API entry points in R.
  
  See ‘Writing portable packages’ in the ‘Writing R Extensions’ manual,
  and section ‘Moving into C API compliance’ for issues with the use of
  non-API entry points.
Flavor: r-release-macos-arm64
Version: 1.8-15
Check: compiled code
Result: WARN
  Note: information on .o files is not available
  File ‘/Volumes/Builds/packages/big-sur-x86_64/results/4.5/Rserve.Rcheck/Rserve/libs/Rserve.so’:
    Found ‘___stderrp’, possibly from ‘stderr’ (C)
    Found ‘_abort’, possibly from ‘abort’ (C)
    Found ‘_exit’, possibly from ‘exit’ (C)
    Found ‘_rand’, possibly from ‘rand’ (C)
    Found ‘_random’, possibly from ‘random’ (C)
    Found ‘_sprintf’, possibly from ‘sprintf’ (C)
    Found ‘_srandom’, possibly from ‘srandom’ (C)
  File ‘Rserve/libs/Rserve.so’:
    Found non-API calls to R: ‘BODY’, ‘FORMALS’, ‘R_Consolefile’,
      ‘R_Outputfile’, ‘R_TempDir’, ‘R_Visible’, ‘R_curErrorBuf’,
      ‘ptr_R_Busy’, ‘ptr_R_ClearerrConsole’, ‘ptr_R_FlushConsole’,
      ‘ptr_R_ReadConsole’, ‘ptr_R_ResetConsole’, ‘ptr_R_ShowMessage’,
      ‘ptr_R_WriteConsole’, ‘ptr_R_WriteConsoleEx’
  
  Compiled code should not call entry points which might terminate R nor
  write to stdout/stderr instead of to the console, nor use Fortran I/O
  nor system RNGs nor [v]sprintf. The detected symbols are linked into
  the code but might come from libraries and not actually be called.
  Compiled code should not call non-API entry points in R.
  
  See ‘Writing portable packages’ in the ‘Writing R Extensions’ manual,
  and section ‘Moving into C API compliance’ for issues with the use of
  non-API entry points.
Flavor: r-release-macos-x86_64
Version: 1.8-15
Check: compiled code
Result: NOTE
  Note: information on .o files for x64 is not available
  File 'd:/Rcompile/CRANpkg/lib/4.5/Rserve/libs/x64/Rserve.dll':
    Found '_exit', possibly from '_exit' (C)
    Found 'abort', possibly from 'abort' (C), 'runtime' (Fortran)
    Found 'exit', possibly from 'exit' (C), 'stop' (Fortran)
    Found 'rand', possibly from 'rand' (C)
    Found 'srand', possibly from 'srand' (C)
  File 'Rserve/libs/x64/Rserve.dll':
    Found non-API calls to R: 'BODY', 'FORMALS', 'R_Interactive',
      'R_Visible', 'R_curErrorBuf', 'Rf_initialize_R', 'setup_Rmainloop'
  
  Compiled code should not call entry points which might terminate R nor
  write to stdout/stderr instead of to the console, nor use Fortran I/O
  nor system RNGs nor [v]sprintf. The detected symbols are linked into
  the code but might come from libraries and not actually be called.
  Compiled code should not call non-API entry points in R.
  
  See 'Writing portable packages' in the 'Writing R Extensions' manual,
  and section 'Moving into C API compliance' for issues with the use of
  non-API entry points.
Flavor: r-release-windows-x86_64
Version: 1.8-15
Check: installed package size
Result: NOTE
    installed size is 20.0Mb
    sub-directories of 1Mb or more:
      libs  19.8Mb
Flavors: r-oldrel-macos-arm64, r-oldrel-macos-x86_64, r-oldrel-windows-x86_64
Version: 1.8-15
Check: for GNU extensions in Makefiles
Result: NOTE
  GNU make is a SystemRequirements.
Flavors: r-oldrel-macos-arm64, r-oldrel-macos-x86_64, r-oldrel-windows-x86_64
Version: 1.8-15
Check: compiled code
Result: WARN
  Note: information on .o files is not available
  File ‘/Volumes/Builds/packages/big-sur-arm64/results/4.4/Rserve.Rcheck/Rserve/libs/Rserve.so’:
    Found ‘___stderrp’, possibly from ‘stderr’ (C)
    Found ‘_abort’, possibly from ‘abort’ (C)
    Found ‘_exit’, possibly from ‘exit’ (C)
    Found ‘_rand’, possibly from ‘rand’ (C)
    Found ‘_random’, possibly from ‘random’ (C)
    Found ‘_sprintf’, possibly from ‘sprintf’ (C)
    Found ‘_srandom’, possibly from ‘srandom’ (C)
  File ‘Rserve/libs/Rserve.so’:
    Found non-API calls to R: ‘R_Consolefile’, ‘R_Outputfile’,
      ‘R_TempDir’, ‘R_Visible’, ‘getInputHandler’, ‘ptr_R_Busy’,
      ‘ptr_R_ClearerrConsole’, ‘ptr_R_FlushConsole’, ‘ptr_R_ReadConsole’,
      ‘ptr_R_ResetConsole’, ‘ptr_R_ShowMessage’, ‘ptr_R_WriteConsole’,
      ‘ptr_R_WriteConsoleEx’
  
  Compiled code should not call entry points which might terminate R nor
  write to stdout/stderr instead of to the console, nor use Fortran I/O
  nor system RNGs nor [v]sprintf. The detected symbols are linked into
  the code but might come from libraries and not actually be called.
  Compiled code should not call non-API entry points in R.
  
  See ‘Writing portable packages’ in the ‘Writing R Extensions’ manual.
Flavor: r-oldrel-macos-arm64
Version: 1.8-15
Check: compiled code
Result: WARN
  Note: information on .o files is not available
  File ‘/Volumes/Builds/packages/big-sur-x86_64/results/4.4/Rserve.Rcheck/Rserve/libs/Rserve.so’:
    Found ‘___stderrp’, possibly from ‘stderr’ (C)
    Found ‘_abort’, possibly from ‘abort’ (C)
    Found ‘_exit’, possibly from ‘exit’ (C)
    Found ‘_rand’, possibly from ‘rand’ (C)
    Found ‘_random’, possibly from ‘random’ (C)
    Found ‘_sprintf’, possibly from ‘sprintf’ (C)
    Found ‘_srandom’, possibly from ‘srandom’ (C)
  File ‘Rserve/libs/Rserve.so’:
    Found non-API calls to R: ‘R_Consolefile’, ‘R_Outputfile’,
      ‘R_TempDir’, ‘R_Visible’, ‘getInputHandler’, ‘ptr_R_Busy’,
      ‘ptr_R_ClearerrConsole’, ‘ptr_R_FlushConsole’, ‘ptr_R_ReadConsole’,
      ‘ptr_R_ResetConsole’, ‘ptr_R_ShowMessage’, ‘ptr_R_WriteConsole’,
      ‘ptr_R_WriteConsoleEx’
  
  Compiled code should not call entry points which might terminate R nor
  write to stdout/stderr instead of to the console, nor use Fortran I/O
  nor system RNGs nor [v]sprintf. The detected symbols are linked into
  the code but might come from libraries and not actually be called.
  Compiled code should not call non-API entry points in R.
  
  See ‘Writing portable packages’ in the ‘Writing R Extensions’ manual.
Flavor: r-oldrel-macos-x86_64
Version: 1.8-15
Check: compiled code
Result: NOTE
  Note: information on .o files for x64 is not available
  File 'd:/Rcompile/CRANpkg/lib/4.4/Rserve/libs/x64/Rserve.dll':
    Found '_exit', possibly from '_exit' (C)
    Found 'abort', possibly from 'abort' (C), 'runtime' (Fortran)
    Found 'exit', possibly from 'exit' (C), 'stop' (Fortran)
    Found 'rand', possibly from 'rand' (C)
    Found 'srand', possibly from 'srand' (C)
  File 'Rserve/libs/x64/Rserve.dll':
    Found non-API calls to R: 'R_Interactive', 'R_Visible',
      'Rf_initialize_R', 'setup_Rmainloop'
  
  Compiled code should not call entry points which might terminate R nor
  write to stdout/stderr instead of to the console, nor use Fortran I/O
  nor system RNGs nor [v]sprintf. The detected symbols are linked into
  the code but might come from libraries and not actually be called.
  Compiled code should not call non-API entry points in R.
  
  See 'Writing portable packages' in the 'Writing R Extensions' manual.
Flavor: r-oldrel-windows-x86_64