Last updated on 2025-10-25 17:48:50 CEST.
| Flavor | Version | Tinstall | Tcheck | Ttotal | Status | Flags |
|---|---|---|---|---|---|---|
| r-devel-linux-x86_64-debian-clang | 0.4.0 | 5.52 | 28.87 | 34.39 | OK | |
| r-devel-linux-x86_64-debian-gcc | 0.4.0 | 3.96 | 22.80 | 26.76 | OK | |
| r-devel-linux-x86_64-fedora-clang | 0.4.0 | 38.00 | 16.56 | 54.56 | OK | |
| r-devel-linux-x86_64-fedora-gcc | 0.4.0 | 12.00 | 36.23 | 48.23 | OK | |
| r-devel-windows-x86_64 | 0.4.0 | 6.00 | 44.00 | 50.00 | OK | |
| r-patched-linux-x86_64 | 0.4.0 | 5.49 | 26.24 | 31.73 | OK | |
| r-release-linux-x86_64 | 0.4.0 | 5.58 | 26.46 | 32.04 | OK | |
| r-release-macos-arm64 | 0.4.0 | 3.00 | 19.00 | 22.00 | OK | |
| r-release-macos-x86_64 | 0.4.0 | 5.00 | 30.00 | 35.00 | OK | |
| r-release-windows-x86_64 | 0.4.0 | 7.00 | 45.00 | 52.00 | OK | |
| r-oldrel-macos-arm64 | 0.4.0 | 2.00 | 16.00 | 18.00 | NOTE | |
| r-oldrel-macos-x86_64 | 0.4.0 | 4.00 | 24.00 | 28.00 | NOTE | |
| r-oldrel-windows-x86_64 | 0.4.0 | 10.00 | 53.00 | 63.00 | NOTE |
Version: 0.4.0
Check: LazyData
Result: NOTE
'LazyData' is specified without a 'data' directory
Flavors: r-oldrel-macos-arm64, r-oldrel-macos-x86_64, r-oldrel-windows-x86_64