Last updated on 2025-11-26 05:51:49 CET.
| Flavor | Version | Tinstall | Tcheck | Ttotal | Status | Flags |
|---|---|---|---|---|---|---|
| r-devel-linux-x86_64-debian-clang | 0.5.6 | 44.17 | 73.72 | 117.89 | OK | |
| r-devel-linux-x86_64-debian-gcc | 0.5.6 | 36.72 | 50.11 | 86.83 | OK | |
| r-devel-linux-x86_64-fedora-clang | 0.5.6 | 107.00 | 86.14 | 193.14 | OK | |
| r-devel-linux-x86_64-fedora-gcc | 0.5.6 | 131.00 | 78.01 | 209.01 | OK | |
| r-devel-windows-x86_64 | 0.5.6 | 54.00 | 108.00 | 162.00 | OK | |
| r-patched-linux-x86_64 | 0.5.6 | 55.70 | 70.91 | 126.61 | OK | |
| r-release-linux-x86_64 | 0.5.6 | 54.76 | 72.51 | 127.27 | OK | |
| r-release-macos-arm64 | 0.5.6 | OK | ||||
| r-release-macos-x86_64 | 0.5.6 | 39.00 | 60.00 | 99.00 | OK | |
| r-release-windows-x86_64 | 0.5.6 | 53.00 | 121.00 | 174.00 | OK | |
| r-oldrel-macos-arm64 | 0.5.6 | NOTE | ||||
| r-oldrel-macos-x86_64 | 0.5.6 | 52.00 | 64.00 | 116.00 | NOTE | |
| r-oldrel-windows-x86_64 | 0.5.6 | 62.00 | 132.00 | 194.00 | OK |
Version: 0.5.6
Check: installed package size
Result: NOTE
installed size is 22.6Mb
sub-directories of 1Mb or more:
libs 22.1Mb
Flavors: r-oldrel-macos-arm64, r-oldrel-macos-x86_64