Last updated on 2025-07-08 21:48:34 CEST.
Flavor | Version | Tinstall | Tcheck | Ttotal | Status | Flags |
---|---|---|---|---|---|---|
r-devel-linux-x86_64-debian-clang | 0.2-10 | 120.63 | 25.17 | 145.80 | OK | |
r-devel-linux-x86_64-debian-gcc | 0.2-10 | 78.49 | 20.19 | 98.68 | OK | |
r-devel-linux-x86_64-fedora-clang | 0.2-10 | 343.19 | OK | |||
r-devel-linux-x86_64-fedora-gcc | 0.2-10 | 237.09 | OK | |||
r-devel-windows-x86_64 | 0.2-10 | 150.00 | 97.00 | 247.00 | OK | |
r-patched-linux-x86_64 | 0.2-10 | 113.79 | 24.11 | 137.90 | OK | |
r-release-linux-x86_64 | 0.2-10 | 110.40 | 23.72 | 134.12 | OK | |
r-release-macos-arm64 | 0.2-10 | 61.00 | OK | |||
r-release-macos-x86_64 | 0.2-10 | 73.00 | OK | |||
r-release-windows-x86_64 | 0.2-10 | 158.00 | 103.00 | 261.00 | OK | |
r-oldrel-macos-arm64 | 0.2-10 | 57.00 | NOTE | |||
r-oldrel-macos-x86_64 | 0.2-10 | 69.00 | NOTE | |||
r-oldrel-windows-x86_64 | 0.2-10 | 179.00 | 143.00 | 322.00 | OK |
Version: 0.2-10
Check: installed package size
Result: NOTE
installed size is 8.5Mb
sub-directories of 1Mb or more:
libs 8.4Mb
Flavors: r-oldrel-macos-arm64, r-oldrel-macos-x86_64