CRAN Package Check Results for Package RiskMap

Last updated on 2025-06-28 13:56:43 CEST.

Flavor Version Tinstall Tcheck Ttotal Status Flags
r-devel-linux-x86_64-debian-clang 0.1.0 33.88 269.34 303.22 OK
r-devel-linux-x86_64-debian-gcc 0.1.0 21.09 169.21 190.30 OK
r-devel-linux-x86_64-fedora-clang 0.1.0 479.51 NOTE
r-devel-linux-x86_64-fedora-gcc 0.1.0 455.29 NOTE
r-devel-windows-x86_64 0.1.0 30.00 199.00 229.00 OK
r-patched-linux-x86_64 OK
r-release-linux-x86_64 0.1.0 30.59 245.09 275.68 OK
r-release-macos-arm64 0.1.0 97.00 OK
r-release-macos-x86_64 0.1.0 221.00 OK
r-release-windows-x86_64 0.1.0 31.00 198.00 229.00 OK
r-oldrel-macos-arm64 0.1.0 97.00 OK
r-oldrel-macos-x86_64 0.1.0 242.00 OK
r-oldrel-windows-x86_64 0.1.0 46.00 280.00 326.00 OK

Check Details

Version: 0.1.0
Check: dependencies in R code
Result: NOTE Namespace in Imports field not imported from: ‘maxLik’ All declared Imports should be used. Flavors: r-devel-linux-x86_64-fedora-clang, r-devel-linux-x86_64-fedora-gcc