Last updated on 2025-10-25 17:48:49 CEST.
| Flavor | Version | Tinstall | Tcheck | Ttotal | Status | Flags |
|---|---|---|---|---|---|---|
| r-devel-linux-x86_64-debian-clang | 0.27.0 | 4.27 | 32.38 | 36.65 | NOTE | |
| r-devel-linux-x86_64-debian-gcc | 0.27.0 | 2.91 | 24.97 | 27.88 | NOTE | |
| r-devel-linux-x86_64-fedora-clang | 0.27.0 | 40.00 | 22.23 | 62.23 | OK | |
| r-devel-linux-x86_64-fedora-gcc | 0.27.0 | 50.88 | OK | |||
| r-devel-windows-x86_64 | 0.27.0 | 8.00 | 55.00 | 63.00 | OK | |
| r-patched-linux-x86_64 | 0.27.0 | 4.20 | 30.16 | 34.36 | OK | |
| r-release-linux-x86_64 | 0.27.0 | 3.41 | 29.96 | 33.37 | OK | |
| r-release-macos-arm64 | 0.27.0 | 3.00 | 17.00 | 20.00 | OK | |
| r-release-macos-x86_64 | 0.27.0 | 5.00 | 32.00 | 37.00 | OK | |
| r-release-windows-x86_64 | 0.27.0 | 11.00 | 57.00 | 68.00 | OK | |
| r-oldrel-macos-arm64 | 0.27.0 | 3.00 | 23.00 | 26.00 | OK | |
| r-oldrel-macos-x86_64 | 0.27.0 | 4.00 | 27.00 | 31.00 | OK | |
| r-oldrel-windows-x86_64 | 0.27.0 | 10.00 | 72.00 | 82.00 | OK |
Version: 0.27.0
Check: CRAN incoming feasibility
Result: NOTE
Maintainer: ‘John Kloke <johndkloke@gmail.com>’
No Authors@R field in DESCRIPTION.
Please add one, modifying
Authors@R: c(person(given = "John",
family = "Kloke",
role = c("aut", "cre"),
email = "johndkloke@gmail.com"),
person(given = "Joseph",
family = "McKean",
role = "aut"))
as necessary.
Flavors: r-devel-linux-x86_64-debian-clang, r-devel-linux-x86_64-debian-gcc