Last updated on 2025-10-26 05:50:10 CET.
| Flavor | Version | Tinstall | Tcheck | Ttotal | Status | Flags |
|---|---|---|---|---|---|---|
| r-devel-linux-x86_64-debian-clang | 0.2.1 | 1.94 | 23.68 | 25.62 | OK | |
| r-devel-linux-x86_64-debian-gcc | 0.2.1 | 1.28 | 19.12 | 20.40 | OK | |
| r-devel-linux-x86_64-fedora-clang | 0.2.1 | 20.00 | 23.66 | 43.66 | OK | |
| r-devel-linux-x86_64-fedora-gcc | 0.2.1 | 60.80 | OK | |||
| r-devel-windows-x86_64 | 0.2.1 | 3.00 | 45.00 | 48.00 | OK | |
| r-patched-linux-x86_64 | 0.2.1 | 1.97 | 22.46 | 24.43 | OK | |
| r-release-linux-x86_64 | 0.2.1 | 1.58 | 22.49 | 24.07 | OK | |
| r-release-macos-arm64 | 0.2.1 | 1.00 | 29.00 | 30.00 | OK | |
| r-release-macos-x86_64 | 0.2.1 | 2.00 | 82.00 | 84.00 | OK | |
| r-release-windows-x86_64 | 0.2.1 | 3.00 | 46.00 | 49.00 | OK | |
| r-oldrel-macos-arm64 | 0.2.1 | 1.00 | 28.00 | 29.00 | NOTE | |
| r-oldrel-macos-x86_64 | 0.2.1 | 1.00 | 55.00 | 56.00 | NOTE | |
| r-oldrel-windows-x86_64 | 0.2.1 | 3.00 | 56.00 | 59.00 | NOTE |
Version: 0.2.1
Check: LazyData
Result: NOTE
'LazyData' is specified without a 'data' directory
Flavors: r-oldrel-macos-arm64, r-oldrel-macos-x86_64, r-oldrel-windows-x86_64