Last updated on 2025-10-26 09:50:06 CET.
| Flavor | Version | Tinstall | Tcheck | Ttotal | Status | Flags | 
|---|---|---|---|---|---|---|
| r-devel-linux-x86_64-debian-clang | 1.0.5 | 5.96 | 47.17 | 53.13 | OK | |
| r-devel-linux-x86_64-debian-gcc | 1.0.5 | 4.63 | 34.30 | 38.93 | OK | |
| r-devel-linux-x86_64-fedora-clang | 1.0.5 | 47.00 | 48.08 | 95.08 | NOTE | |
| r-devel-linux-x86_64-fedora-gcc | 1.0.5 | 13.00 | 77.59 | 90.59 | NOTE | |
| r-devel-windows-x86_64 | 1.0.5 | 7.00 | 61.00 | 68.00 | OK | |
| r-patched-linux-x86_64 | 1.0.5 | 6.69 | 44.07 | 50.76 | OK | |
| r-release-linux-x86_64 | 1.0.5 | 5.97 | 44.56 | 50.53 | OK | |
| r-release-macos-arm64 | 1.0.5 | 7.00 | 48.00 | 55.00 | OK | |
| r-release-macos-x86_64 | 1.0.5 | 9.00 | 56.00 | 65.00 | OK | |
| r-release-windows-x86_64 | 1.0.5 | 8.00 | 64.00 | 72.00 | OK | |
| r-oldrel-macos-arm64 | 1.0.5 | 5.00 | 34.00 | 39.00 | OK | |
| r-oldrel-macos-x86_64 | 1.0.5 | 8.00 | 48.00 | 56.00 | OK | |
| r-oldrel-windows-x86_64 | 1.0.5 | 11.00 | 77.00 | 88.00 | OK | 
Version: 1.0.5
Check: dependencies in R code
Result: NOTE
  Namespace in Imports field not imported from: ‘ggplot2’
    All declared Imports should be used.
Flavors: r-devel-linux-x86_64-fedora-clang, r-devel-linux-x86_64-fedora-gcc