CRAN Package Check Results for Package Recocrop

Last updated on 2025-07-08 17:49:53 CEST.

Flavor Version Tinstall Tcheck Ttotal Status Flags
r-devel-linux-x86_64-debian-clang 0.4-1 37.87 188.62 226.49 NOTE
r-devel-linux-x86_64-debian-gcc 0.4-1 25.07 116.84 141.91 NOTE
r-devel-linux-x86_64-fedora-clang 0.4-1 360.64 NOTE
r-devel-linux-x86_64-fedora-gcc 0.4-1 350.73 NOTE
r-devel-windows-x86_64 0.4-1 38.00 163.00 201.00 NOTE
r-patched-linux-x86_64 0.4-1 39.87 177.30 217.17 NOTE
r-release-linux-x86_64 0.4-1 37.71 175.93 213.64 NOTE
r-release-macos-arm64 0.4-1 64.00 NOTE
r-release-macos-x86_64 0.4-1 138.00 NOTE
r-release-windows-x86_64 0.4-1 39.00 164.00 203.00 NOTE
r-oldrel-macos-arm64 0.4-1 65.00 NOTE
r-oldrel-macos-x86_64 0.4-1 117.00 NOTE
r-oldrel-windows-x86_64 0.4-1 51.00 225.00 276.00 NOTE

Check Details

Version: 0.4-1
Check: C++ specification
Result: NOTE Specified C++11: please drop specification unless essential Flavors: r-devel-linux-x86_64-debian-clang, r-devel-linux-x86_64-debian-gcc, r-devel-linux-x86_64-fedora-clang, r-devel-linux-x86_64-fedora-gcc, r-devel-windows-x86_64, r-patched-linux-x86_64, r-release-linux-x86_64, r-release-macos-arm64, r-release-macos-x86_64, r-release-windows-x86_64, r-oldrel-macos-arm64, r-oldrel-macos-x86_64, r-oldrel-windows-x86_64

Version: 0.4-1
Check: Rd cross-references
Result: NOTE Found the following Rd file(s) with Rd \link{} targets missing package anchors: parameters.Rd: crop spatial.Rd: writeRaster Please provide package anchors for all Rd \link{} targets not in the package itself and the base packages. Flavors: r-devel-linux-x86_64-debian-clang, r-devel-linux-x86_64-debian-gcc, r-devel-windows-x86_64, r-patched-linux-x86_64, r-release-linux-x86_64, r-release-windows-x86_64