Last updated on 2025-10-25 13:48:47 CEST.
| Flavor | Version | Tinstall | Tcheck | Ttotal | Status | Flags |
|---|---|---|---|---|---|---|
| r-devel-linux-x86_64-debian-clang | 0.0.1.2 | 26.18 | 24.10 | 50.28 | NOTE | |
| r-devel-linux-x86_64-debian-gcc | 0.0.1.2 | 20.24 | 20.34 | 40.58 | NOTE | |
| r-devel-linux-x86_64-fedora-clang | 0.0.1.2 | 50.00 | 36.29 | 86.29 | NOTE | |
| r-devel-linux-x86_64-fedora-gcc | 0.0.1.2 | 33.00 | 56.63 | 89.63 | NOTE | |
| r-devel-windows-x86_64 | 0.0.1.2 | 44.00 | 83.00 | 127.00 | NOTE | |
| r-patched-linux-x86_64 | 0.0.1.2 | 31.42 | 23.62 | 55.04 | NOTE | |
| r-release-linux-x86_64 | 0.0.1.2 | 29.73 | 23.97 | 53.70 | NOTE | |
| r-release-macos-arm64 | 0.0.1.2 | 12.00 | 5.00 | 17.00 | ERROR | |
| r-release-macos-x86_64 | 0.0.1.2 | 26.00 | 10.00 | 36.00 | ERROR | |
| r-release-windows-x86_64 | 0.0.1.2 | 42.00 | 83.00 | 125.00 | NOTE | |
| r-oldrel-macos-arm64 | 0.0.1.2 | 11.00 | 10.00 | 21.00 | ERROR | |
| r-oldrel-macos-x86_64 | 0.0.1.2 | 24.00 | 16.00 | 40.00 | ERROR | |
| r-oldrel-windows-x86_64 | 0.0.1.2 | 38.00 | 104.00 | 142.00 | NOTE |
Version: 0.0.1.2
Check: C++ specification
Result: NOTE
Specified C++11: please drop specification unless essential
Flavors: r-devel-linux-x86_64-debian-clang, r-devel-linux-x86_64-debian-gcc, r-devel-linux-x86_64-fedora-clang, r-devel-linux-x86_64-fedora-gcc, r-devel-windows-x86_64, r-patched-linux-x86_64, r-release-linux-x86_64, r-release-windows-x86_64, r-oldrel-windows-x86_64
Version: 0.0.1.2
Check: whether package can be installed
Result: ERROR
Installation failed.
Flavors: r-release-macos-arm64, r-release-macos-x86_64, r-oldrel-macos-arm64, r-oldrel-macos-x86_64
Version: 0.0.1.2
Check: LazyData
Result: NOTE
'LazyData' is specified without a 'data' directory
Flavor: r-oldrel-windows-x86_64
Version: 0.0.1.2
Check: for GNU extensions in Makefiles
Result: NOTE
GNU make is a SystemRequirements.
Flavor: r-oldrel-windows-x86_64