Last updated on 2025-10-26 01:49:58 CEST.
| Flavor | Version | Tinstall | Tcheck | Ttotal | Status | Flags |
|---|---|---|---|---|---|---|
| r-devel-linux-x86_64-debian-clang | 0.2.3 | 17.28 | 35.42 | 52.70 | OK | |
| r-devel-linux-x86_64-debian-gcc | 0.2.3 | 12.59 | 27.98 | 40.57 | OK | |
| r-devel-linux-x86_64-fedora-clang | 0.2.3 | 42.00 | 40.04 | 82.04 | NOTE | |
| r-devel-linux-x86_64-fedora-gcc | 0.2.3 | 43.00 | 51.00 | 94.00 | NOTE | |
| r-devel-windows-x86_64 | 0.2.3 | 29.00 | 86.00 | 115.00 | OK | |
| r-patched-linux-x86_64 | 0.2.3 | 17.94 | 32.28 | 50.22 | OK | |
| r-release-linux-x86_64 | 0.2.3 | 17.44 | 32.48 | 49.92 | OK | |
| r-release-macos-arm64 | 0.2.3 | 9.00 | 30.00 | 39.00 | OK | |
| r-release-macos-x86_64 | 0.2.3 | 14.00 | 51.00 | 65.00 | OK | |
| r-release-windows-x86_64 | 0.2.3 | 27.00 | 84.00 | 111.00 | OK | |
| r-oldrel-macos-arm64 | 0.2.3 | 11.00 | 39.00 | 50.00 | OK | |
| r-oldrel-macos-x86_64 | 0.2.3 | 16.00 | 65.00 | 81.00 | OK | |
| r-oldrel-windows-x86_64 | 0.2.3 | 29.00 | 94.00 | 123.00 | OK |
Version: 0.2.3
Check: dependencies in R code
Result: NOTE
Namespace in Imports field not imported from: ‘stats’
All declared Imports should be used.
Flavors: r-devel-linux-x86_64-fedora-clang, r-devel-linux-x86_64-fedora-gcc