Last updated on 2025-10-25 05:50:13 CEST.
| Flavor | Version | Tinstall | Tcheck | Ttotal | Status | Flags |
|---|---|---|---|---|---|---|
| r-devel-linux-x86_64-debian-clang | 1.0.0 | 28.28 | 26.27 | 54.55 | OK | |
| r-devel-linux-x86_64-debian-gcc | 1.0.0 | 24.33 | 21.50 | 45.83 | OK | |
| r-devel-linux-x86_64-fedora-clang | 1.0.0 | 60.00 | 31.50 | 91.50 | OK | |
| r-devel-linux-x86_64-fedora-gcc | 1.0.0 | 75.00 | 23.75 | 98.75 | OK | |
| r-devel-windows-x86_64 | 1.0.0 | 35.00 | 58.00 | 93.00 | OK | |
| r-patched-linux-x86_64 | 1.0.0 | 35.04 | 23.99 | 59.03 | OK | |
| r-release-linux-x86_64 | 1.0.0 | 35.93 | 24.03 | 59.96 | OK | |
| r-release-macos-arm64 | 1.0.0 | 14.00 | 15.00 | 29.00 | OK | |
| r-release-macos-x86_64 | 1.0.0 | 24.00 | 25.00 | 49.00 | OK | |
| r-release-windows-x86_64 | 1.0.0 | 32.00 | 68.00 | 100.00 | OK | |
| r-oldrel-macos-arm64 | 1.0.0 | 13.00 | 15.00 | 28.00 | NOTE | |
| r-oldrel-macos-x86_64 | 1.0.0 | 20.00 | 21.00 | 41.00 | NOTE | |
| r-oldrel-windows-x86_64 | 1.0.0 | 40.00 | 76.00 | 116.00 | OK |
Version: 1.0.0
Check: installed package size
Result: NOTE
installed size is 14.7Mb
sub-directories of 1Mb or more:
libs 14.6Mb
Flavors: r-oldrel-macos-arm64, r-oldrel-macos-x86_64