CRAN Package Check Results for Package RapidPolygonLookup

Last updated on 2025-10-26 13:50:05 CET.

Flavor Version Tinstall Tcheck Ttotal Status Flags
r-devel-linux-x86_64-debian-clang 0.1.1 3.18 65.88 69.06 NOTE
r-devel-linux-x86_64-debian-gcc 0.1.1 2.54 45.96 48.50 NOTE
r-devel-linux-x86_64-fedora-clang 0.1.1 104.82 OK
r-devel-linux-x86_64-fedora-gcc 0.1.1 118.16 OK
r-devel-windows-x86_64 0.1.1 4.00 92.00 96.00 OK
r-patched-linux-x86_64 0.1.1 2.98 63.35 66.33 OK
r-release-linux-x86_64 0.1.1 2.98 63.12 66.10 OK
r-release-macos-arm64 0.1.1 2.00 46.00 48.00 OK
r-release-macos-x86_64 0.1.1 4.00 81.00 85.00 OK
r-release-windows-x86_64 0.1.1 4.00 95.00 99.00 OK
r-oldrel-macos-arm64 0.1.1 2.00 35.00 37.00 OK
r-oldrel-macos-x86_64 0.1.1 2.00 54.00 56.00 OK
r-oldrel-windows-x86_64 0.1.1 5.00 110.00 115.00 OK

Check Details

Version: 0.1.1
Check: CRAN incoming feasibility
Result: NOTE Maintainer: ‘Markus Loecher <markus.loecher@gmail.com>’ No Authors@R field in DESCRIPTION. Please add one, modifying Authors@R: c(person(given = "Markus", family = "Loecher", role = c("aut", "cre"), email = "markus.loecher@gmail.com"), person(given = "Madhav", family = "Kumar", role = "aut", email = "madhavkumar2005@gmail.com")) as necessary. Flavors: r-devel-linux-x86_64-debian-clang, r-devel-linux-x86_64-debian-gcc