Last updated on 2025-10-26 05:50:08 CET.
| Flavor | Version | Tinstall | Tcheck | Ttotal | Status | Flags |
|---|---|---|---|---|---|---|
| r-devel-linux-x86_64-debian-clang | 0.2.0 | 17.19 | 124.82 | 142.01 | NOTE | |
| r-devel-linux-x86_64-debian-gcc | 0.2.0 | 12.10 | 90.16 | 102.26 | NOTE | |
| r-devel-linux-x86_64-fedora-clang | 0.2.0 | 73.00 | 157.96 | 230.96 | OK | |
| r-devel-linux-x86_64-fedora-gcc | 0.2.0 | 48.00 | 181.38 | 229.38 | OK | |
| r-devel-windows-x86_64 | 0.2.0 | 16.00 | 121.00 | 137.00 | OK | |
| r-patched-linux-x86_64 | 0.2.0 | 15.10 | 118.62 | 133.72 | OK | |
| r-release-linux-x86_64 | 0.2.0 | 14.77 | 118.42 | 133.19 | OK | |
| r-release-macos-arm64 | 0.2.0 | 6.00 | 53.00 | 59.00 | OK | |
| r-release-macos-x86_64 | 0.2.0 | 21.00 | 120.00 | 141.00 | OK | |
| r-release-windows-x86_64 | 0.2.0 | 16.00 | 121.00 | 137.00 | OK | |
| r-oldrel-macos-arm64 | 0.2.0 | 7.00 | 52.00 | 59.00 | NOTE | |
| r-oldrel-macos-x86_64 | 0.2.0 | 10.00 | 81.00 | 91.00 | NOTE | |
| r-oldrel-windows-x86_64 | 0.2.0 | 23.00 | 163.00 | 186.00 | NOTE |
Version: 0.2.0
Check: CRAN incoming feasibility
Result: NOTE
Maintainer: ‘José Matute <jmatuteflores@gmail.com>’
Package CITATION file contains call(s) to old-style personList() or
as.personList(). Please use c() on person objects instead.
Package CITATION file contains call(s) to old-style citEntry(). Please
use bibentry() instead.
Flavors: r-devel-linux-x86_64-debian-clang, r-devel-linux-x86_64-debian-gcc
Version: 0.2.0
Check: LazyData
Result: NOTE
'LazyData' is specified without a 'data' directory
Flavors: r-oldrel-macos-arm64, r-oldrel-macos-x86_64, r-oldrel-windows-x86_64