CRAN Package Check Results for Package RPyGeo

Last updated on 2025-07-12 09:49:29 CEST.

Flavor Version Tinstall Tcheck Ttotal Status Flags
r-devel-linux-x86_64-debian-clang 1.0.0 2.16 36.09 38.25 OK
r-devel-linux-x86_64-debian-gcc 1.0.0 1.70 28.04 29.74 OK
r-devel-linux-x86_64-fedora-clang 1.0.0 61.89 OK
r-devel-linux-x86_64-fedora-gcc 1.0.0 71.29 OK
r-devel-windows-x86_64 1.0.0 4.00 54.00 58.00 OK
r-patched-linux-x86_64 1.0.0 2.27 34.42 36.69 OK
r-release-linux-x86_64 1.0.0 1.86 34.20 36.06 OK
r-release-macos-arm64 1.0.0 38.00 OK
r-release-macos-x86_64 1.0.0 76.00 OK
r-release-windows-x86_64 1.0.0 4.00 55.00 59.00 OK
r-oldrel-macos-arm64 1.0.0 25.00 NOTE
r-oldrel-macos-x86_64 1.0.0 39.00 NOTE
r-oldrel-windows-x86_64 1.0.0 5.00 69.00 74.00 NOTE

Check Details

Version: 1.0.0
Check: LazyData
Result: NOTE 'LazyData' is specified without a 'data' directory Flavors: r-oldrel-macos-arm64, r-oldrel-macos-x86_64, r-oldrel-windows-x86_64