CRAN Package Check Results for Package RND

Last updated on 2025-07-12 09:49:29 CEST.

Flavor Version Tinstall Tcheck Ttotal Status Flags
r-devel-linux-x86_64-debian-clang 1.2 2.92 35.44 38.36 NOTE
r-devel-linux-x86_64-debian-gcc 1.2 2.47 27.57 30.04 NOTE
r-devel-linux-x86_64-fedora-clang 1.2 61.38 OK
r-devel-linux-x86_64-fedora-gcc 1.2 60.20 OK
r-devel-windows-x86_64 1.2 4.00 60.00 64.00 OK
r-patched-linux-x86_64 1.2 4.09 33.45 37.54 OK
r-release-linux-x86_64 1.2 3.22 32.95 36.17 OK
r-release-macos-arm64 1.2 20.00 OK
r-release-macos-x86_64 1.2 37.00 OK
r-release-windows-x86_64 1.2 4.00 61.00 65.00 OK
r-oldrel-macos-arm64 1.2 20.00 OK
r-oldrel-macos-x86_64 1.2 29.00 OK
r-oldrel-windows-x86_64 1.2 5.00 59.00 64.00 OK

Check Details

Version: 1.2
Check: CRAN incoming feasibility
Result: NOTE Maintainer: ‘Kam Hamidieh <khamidieh@gmail.com>’ No Authors@R field in DESCRIPTION. Please add one, modifying Authors@R: person(given = "Kam", family = "Hamidieh", role = c("aut", "cre"), email = "khamidieh@gmail.com") as necessary. Flavors: r-devel-linux-x86_64-debian-clang, r-devel-linux-x86_64-debian-gcc