Last updated on 2025-10-25 09:49:42 CEST.
| Flavor | Version | Tinstall | Tcheck | Ttotal | Status | Flags |
|---|---|---|---|---|---|---|
| r-devel-linux-x86_64-debian-clang | 1.3.4 | 37.51 | 48.64 | 86.15 | OK | |
| r-devel-linux-x86_64-debian-gcc | 1.3.4 | 22.43 | 36.60 | 59.03 | OK | |
| r-devel-linux-x86_64-fedora-clang | 1.3.4 | 83.00 | 73.00 | 156.00 | OK | |
| r-devel-linux-x86_64-fedora-gcc | 1.3.4 | 112.00 | 29.35 | 141.35 | OK | |
| r-devel-windows-x86_64 | 1.3.4 | 61.00 | 214.00 | 275.00 | OK | |
| r-patched-linux-x86_64 | 1.3.4 | 36.80 | 44.92 | 81.72 | OK | |
| r-release-linux-x86_64 | 1.3.4 | 38.54 | 45.11 | 83.65 | OK | |
| r-release-macos-arm64 | 1.3.4 | 23.00 | 32.00 | 55.00 | OK | |
| r-release-macos-x86_64 | 1.3.4 | 32.00 | 85.00 | 117.00 | OK | |
| r-release-windows-x86_64 | 1.3.4 | 64.00 | 216.00 | 280.00 | OK | |
| r-oldrel-macos-arm64 | 1.3.4 | 21.00 | 26.00 | 47.00 | NOTE | |
| r-oldrel-macos-x86_64 | 1.3.4 | 30.00 | 50.00 | 80.00 | NOTE | |
| r-oldrel-windows-x86_64 | 1.3.4 | 73.00 | 228.00 | 301.00 | OK |
Version: 1.3.4
Check: installed package size
Result: NOTE
installed size is 5.4Mb
sub-directories of 1Mb or more:
libs 5.0Mb
Flavors: r-oldrel-macos-arm64, r-oldrel-macos-x86_64