Last updated on 2025-11-26 13:50:22 CET.
| Flavor | Version | Tinstall | Tcheck | Ttotal | Status | Flags |
|---|---|---|---|---|---|---|
| r-devel-linux-x86_64-debian-clang | 3.1-8 | 17.53 | 65.09 | 82.62 | NOTE | |
| r-devel-linux-x86_64-debian-gcc | 3.1-8 | 10.52 | 49.18 | 59.70 | NOTE | |
| r-devel-linux-x86_64-fedora-clang | 3.1-8 | 43.00 | 88.69 | 131.69 | NOTE | |
| r-devel-linux-x86_64-fedora-gcc | 3.1-8 | 37.00 | 84.56 | 121.56 | NOTE | |
| r-devel-windows-x86_64 | 3.1-8 | 22.00 | 90.00 | 112.00 | NOTE | |
| r-patched-linux-x86_64 | 3.1-8 | 16.24 | 61.10 | 77.34 | NOTE | |
| r-release-linux-x86_64 | 3.1-8 | 15.96 | 62.46 | 78.42 | NOTE | |
| r-release-macos-arm64 | 3.1-8 | NOTE | ||||
| r-release-macos-x86_64 | 3.1-8 | 13.00 | 76.00 | 89.00 | NOTE | |
| r-release-windows-x86_64 | 3.1-8 | 20.00 | 106.00 | 126.00 | NOTE | |
| r-oldrel-macos-arm64 | 3.1-8 | NOTE | ||||
| r-oldrel-macos-x86_64 | 3.1-8 | 14.00 | 47.00 | 61.00 | NOTE | |
| r-oldrel-windows-x86_64 | 3.1-8 | 26.00 | 104.00 | 130.00 | NOTE |
Version: 3.1-8
Check: CRAN incoming feasibility
Result: NOTE
Maintainer: ‘Fabian Scheipl <fabian.scheipl@stat.uni-muenchen.de>’
Package CITATION file contains call(s) to old-style personList() or
as.personList(). Please use c() on person objects instead.
Package CITATION file contains call(s) to old-style citEntry(). Please
use bibentry() instead.
Flavors: r-devel-linux-x86_64-debian-clang, r-devel-linux-x86_64-debian-gcc
Version: 3.1-8
Check: C++ specification
Result: NOTE
Specified C++11: please drop specification unless essential
Flavors: r-devel-linux-x86_64-debian-clang, r-devel-linux-x86_64-debian-gcc, r-devel-linux-x86_64-fedora-clang, r-devel-linux-x86_64-fedora-gcc, r-devel-windows-x86_64, r-patched-linux-x86_64, r-release-linux-x86_64, r-release-macos-arm64, r-release-macos-x86_64, r-release-windows-x86_64, r-oldrel-macos-arm64, r-oldrel-macos-x86_64, r-oldrel-windows-x86_64