Last updated on 2025-10-26 05:50:10 CET.
| Flavor | Version | Tinstall | Tcheck | Ttotal | Status | Flags |
|---|---|---|---|---|---|---|
| r-devel-linux-x86_64-debian-clang | 1.0 | 1.65 | 24.00 | 25.65 | OK | |
| r-devel-linux-x86_64-debian-gcc | 1.0 | 1.40 | 20.07 | 21.47 | OK | |
| r-devel-linux-x86_64-fedora-clang | 1.0 | 39.72 | OK | |||
| r-devel-linux-x86_64-fedora-gcc | 1.0 | 51.24 | OK | |||
| r-devel-windows-x86_64 | 1.0 | 3.00 | 43.00 | 46.00 | OK | |
| r-patched-linux-x86_64 | 1.0 | 1.76 | 22.78 | 24.54 | OK | |
| r-release-linux-x86_64 | 1.0 | 1.59 | 22.72 | 24.31 | OK | |
| r-release-macos-arm64 | 1.0 | 1.00 | 22.00 | 23.00 | OK | |
| r-release-macos-x86_64 | 1.0 | 2.00 | 50.00 | 52.00 | OK | |
| r-release-windows-x86_64 | 1.0 | 4.00 | 45.00 | 49.00 | OK | |
| r-oldrel-macos-arm64 | 1.0 | 1.00 | 19.00 | 20.00 | NOTE | |
| r-oldrel-macos-x86_64 | 1.0 | 2.00 | 35.00 | 37.00 | NOTE | |
| r-oldrel-windows-x86_64 | 1.0 | 3.00 | 48.00 | 51.00 | NOTE |
Version: 1.0
Check: LazyData
Result: NOTE
'LazyData' is specified without a 'data' directory
Flavors: r-oldrel-macos-arm64, r-oldrel-macos-x86_64, r-oldrel-windows-x86_64