CRAN Package Check Results for Package RGoogleAnalyticsPremium

Last updated on 2025-11-26 09:51:27 CET.

Flavor Version Tinstall Tcheck Ttotal Status Flags
r-devel-linux-x86_64-debian-clang 0.1.1 2.96 28.99 31.95 NOTE
r-devel-linux-x86_64-debian-gcc 0.1.1 1.99 22.56 24.55 NOTE
r-devel-linux-x86_64-fedora-clang 0.1.1 47.65 OK
r-devel-linux-x86_64-fedora-gcc 0.1.1 44.59 OK
r-devel-windows-x86_64 0.1.1 6.00 44.00 50.00 OK
r-patched-linux-x86_64 0.1.1 2.96 27.31 30.27 OK
r-release-linux-x86_64 0.1.1 2.53 27.31 29.84 OK
r-release-macos-arm64 0.1.1 OK
r-release-macos-x86_64 0.1.1 4.00 33.00 37.00 OK
r-release-windows-x86_64 0.1.1 5.00 56.00 61.00 OK
r-oldrel-macos-arm64 0.1.1 NOTE
r-oldrel-macos-x86_64 0.1.1 2.00 24.00 26.00 NOTE
r-oldrel-windows-x86_64 0.1.1 6.00 55.00 61.00 NOTE

Check Details

Version: 0.1.1
Check: CRAN incoming feasibility
Result: NOTE Maintainer: ‘Jalpa Joshi Dave <jalpa@tatvic.com>’ No Authors@R field in DESCRIPTION. Please add one, modifying Authors@R: person(given = c("Jalpa", "Joshi"), family = "Dave", role = c("aut", "cre"), email = "jalpa@tatvic.com") as necessary. Flavors: r-devel-linux-x86_64-debian-clang, r-devel-linux-x86_64-debian-gcc

Version: 0.1.1
Check: LazyData
Result: NOTE 'LazyData' is specified without a 'data' directory Flavors: r-oldrel-macos-arm64, r-oldrel-macos-x86_64, r-oldrel-windows-x86_64