Last updated on 2025-07-08 13:49:18 CEST.
Flavor | Version | Tinstall | Tcheck | Ttotal | Status | Flags |
---|---|---|---|---|---|---|
r-devel-linux-x86_64-debian-clang | 2.0 | 3.05 | 75.84 | 78.89 | NOTE | |
r-devel-linux-x86_64-debian-gcc | 2.0 | 2.27 | 60.00 | 62.27 | NOTE | |
r-devel-linux-x86_64-fedora-clang | 2.0 | 113.19 | OK | |||
r-devel-linux-x86_64-fedora-gcc | 2.0 | 123.84 | OK | |||
r-devel-windows-x86_64 | 2.0 | 4.00 | 97.00 | 101.00 | OK | |
r-patched-linux-x86_64 | 2.0 | 3.79 | 71.46 | 75.25 | OK | |
r-release-linux-x86_64 | 2.0 | 2.70 | 70.93 | 73.63 | OK | |
r-release-macos-arm64 | 2.0 | 43.00 | OK | |||
r-release-macos-x86_64 | 2.0 | 88.00 | OK | |||
r-release-windows-x86_64 | 2.0 | 5.00 | 96.00 | 101.00 | OK | |
r-oldrel-macos-arm64 | 2.0 | 39.00 | OK | |||
r-oldrel-macos-x86_64 | 2.0 | 60.00 | OK | |||
r-oldrel-windows-x86_64 | 2.0 | 4.00 | 119.00 | 123.00 | OK |
Version: 2.0
Check: CRAN incoming feasibility
Result: NOTE
Maintainer: ‘Matthias Kohl <Matthias.Kohl@stamats.de>’
Package CITATION file contains call(s) to old-style personList() or
as.personList(). Please use c() on person objects instead.
Flavors: r-devel-linux-x86_64-debian-clang, r-devel-linux-x86_64-debian-gcc