CRAN Package Check Results for Package RCurl

Last updated on 2025-10-25 09:49:41 CEST.

Flavor Version Tinstall Tcheck Ttotal Status Flags
r-devel-linux-x86_64-debian-clang 1.98-1.17 22.07 48.75 70.82 OK
r-devel-linux-x86_64-debian-gcc 1.98-1.17 15.17 34.68 49.85 OK
r-devel-linux-x86_64-fedora-clang 1.98-1.17 61.00 42.13 103.13 OK
r-devel-linux-x86_64-fedora-gcc 1.98-1.17 54.00 42.70 96.70 OK
r-devel-windows-x86_64 1.98-1.17 39.00 183.00 222.00 OK
r-patched-linux-x86_64 1.98-1.17 19.96 46.55 66.51 OK
r-release-linux-x86_64 1.98-1.17 18.03 46.12 64.15 OK
r-release-macos-arm64 1.98-1.17 25.00 135.00 160.00 OK
r-release-macos-x86_64 1.98-1.17 35.00 152.00 187.00 OK
r-release-windows-x86_64 1.98-1.17 38.00 194.00 232.00 OK
r-oldrel-macos-arm64 1.98-1.17 17.00 172.00 189.00 NOTE
r-oldrel-macos-x86_64 1.98-1.17 39.00 188.00 227.00 NOTE
r-oldrel-windows-x86_64 1.98-1.17 41.00 208.00 249.00 NOTE

Check Details

Version: 1.98-1.17
Check: for GNU extensions in Makefiles
Result: NOTE GNU make is a SystemRequirements. Flavors: r-oldrel-macos-arm64, r-oldrel-macos-x86_64, r-oldrel-windows-x86_64

Version: 1.98-1.17
Check: installed package size
Result: NOTE installed size is 11.5Mb sub-directories of 1Mb or more: libs 9.6Mb Flavor: r-oldrel-windows-x86_64