Last updated on 2025-07-08 21:48:33 CEST.
Flavor | Version | Tinstall | Tcheck | Ttotal | Status | Flags |
---|---|---|---|---|---|---|
r-devel-linux-x86_64-debian-clang | 1.1.20 | 42.98 | 34.64 | 77.62 | OK | |
r-devel-linux-x86_64-debian-gcc | 1.1.20 | 34.10 | 29.13 | 63.23 | OK | |
r-devel-linux-x86_64-fedora-clang | 1.1.20 | 133.20 | OK | |||
r-devel-linux-x86_64-fedora-gcc | 1.1.20 | 137.36 | OK | |||
r-devel-windows-x86_64 | 1.1.20 | 46.00 | 78.00 | 124.00 | OK | |
r-patched-linux-x86_64 | 1.1.20 | 46.11 | 37.14 | 83.25 | OK | |
r-release-linux-x86_64 | 1.1.20 | 47.95 | 36.43 | 84.38 | OK | |
r-release-macos-arm64 | 1.1.20 | 40.00 | OK | |||
r-release-macos-x86_64 | 1.1.20 | 67.00 | OK | |||
r-release-windows-x86_64 | 1.1.20 | 46.00 | 74.00 | 120.00 | OK | |
r-oldrel-macos-arm64 | 1.1.20 | 39.00 | NOTE | |||
r-oldrel-macos-x86_64 | 1.1.20 | 68.00 | NOTE | |||
r-oldrel-windows-x86_64 | 1.1.20 | 56.00 | 87.00 | 143.00 | OK |
Version: 1.1.20
Check: installed package size
Result: NOTE
installed size is 15.3Mb
sub-directories of 1Mb or more:
extra 1.4Mb
libs 13.1Mb
Flavors: r-oldrel-macos-arm64, r-oldrel-macos-x86_64