Last updated on 2025-11-26 09:51:25 CET.
| Flavor | Version | Tinstall | Tcheck | Ttotal | Status | Flags |
|---|---|---|---|---|---|---|
| r-devel-linux-x86_64-debian-clang | 1.0.1 | 0.29 | 3.04 | 3.33 | ERROR | |
| r-devel-linux-x86_64-debian-gcc | 1.0.1 | 0.30 | 2.21 | 2.51 | ERROR | |
| r-devel-linux-x86_64-fedora-clang | 1.0.1 | 2.76 | ERROR | |||
| r-devel-linux-x86_64-fedora-gcc | 1.0.1 | 2.73 | ERROR | |||
| r-devel-windows-x86_64 | 1.0.1 | 12.00 | 60.00 | 72.00 | OK | |
| r-patched-linux-x86_64 | 1.0.1 | 5.40 | 48.37 | 53.77 | OK | |
| r-release-linux-x86_64 | 1.0.1 | 5.69 | 48.56 | 54.25 | OK | |
| r-release-macos-arm64 | 1.0.1 | OK | ||||
| r-release-macos-x86_64 | 1.0.1 | 5.00 | 41.00 | 46.00 | OK | |
| r-release-windows-x86_64 | 1.0.1 | 10.00 | 60.00 | 70.00 | OK | |
| r-oldrel-macos-arm64 | 1.0.1 | OK | ||||
| r-oldrel-macos-x86_64 | 1.0.1 | 5.00 | 40.00 | 45.00 | OK | |
| r-oldrel-windows-x86_64 | 1.0.1 | 11.00 | 73.00 | 84.00 | OK |
Version: 1.0.1
Check: package dependencies
Result: ERROR
Package required but not available: ‘geojsonsf’
See section ‘The DESCRIPTION file’ in the ‘Writing R Extensions’
manual.
Flavors: r-devel-linux-x86_64-debian-clang, r-devel-linux-x86_64-debian-gcc, r-devel-linux-x86_64-fedora-clang, r-devel-linux-x86_64-fedora-gcc