Last updated on 2025-10-25 17:48:47 CEST.
| Flavor | Version | Tinstall | Tcheck | Ttotal | Status | Flags |
|---|---|---|---|---|---|---|
| r-devel-linux-x86_64-debian-clang | 1.1-0 | 4.68 | 41.63 | 46.31 | NOTE | |
| r-devel-linux-x86_64-debian-gcc | 1.1-0 | 3.37 | 30.01 | 33.38 | NOTE | |
| r-devel-linux-x86_64-fedora-clang | 1.1-0 | 11.00 | 59.35 | 70.35 | OK | |
| r-devel-linux-x86_64-fedora-gcc | 1.1-0 | 10.00 | 70.68 | 80.68 | OK | |
| r-devel-windows-x86_64 | 1.1-0 | 8.00 | 68.00 | 76.00 | OK | |
| r-patched-linux-x86_64 | 1.1-0 | 4.92 | 39.51 | 44.43 | OK | |
| r-release-linux-x86_64 | 1.1-0 | 4.16 | 39.04 | 43.20 | OK | |
| r-release-macos-arm64 | 1.1-0 | 4.00 | 29.00 | 33.00 | OK | |
| r-release-macos-x86_64 | 1.1-0 | 6.00 | 48.00 | 54.00 | OK | |
| r-release-windows-x86_64 | 1.1-0 | 7.00 | 72.00 | 79.00 | OK | |
| r-oldrel-macos-arm64 | 1.1-0 | 5.00 | 30.00 | 35.00 | OK | |
| r-oldrel-macos-x86_64 | 1.1-0 | 4.00 | 43.00 | 47.00 | OK | |
| r-oldrel-windows-x86_64 | 1.1-0 | 8.00 | 70.00 | 78.00 | OK |
Version: 1.1-0
Check: CRAN incoming feasibility
Result: NOTE
Maintainer: ‘Alec Stephenson <alec_stephenson@hotmail.com>’
No Authors@R field in DESCRIPTION.
Please add one, modifying
Authors@R: c(person(given = "Alec",
family = "Stephenson",
role = c("aut", "cre"),
email = "alec_stephenson@hotmail.com"),
person(given = "Jeff",
family = "Sonas.",
role = "aut"))
as necessary.
Flavors: r-devel-linux-x86_64-debian-clang, r-devel-linux-x86_64-debian-gcc