Last updated on 2025-10-25 17:48:47 CEST.
| Flavor | Version | Tinstall | Tcheck | Ttotal | Status | Flags |
|---|---|---|---|---|---|---|
| r-devel-linux-x86_64-debian-clang | 0.1.6 | 9.37 | 78.24 | 87.61 | NOTE | |
| r-devel-linux-x86_64-debian-gcc | 0.1.6 | 6.93 | 55.79 | 62.72 | NOTE | |
| r-devel-linux-x86_64-fedora-clang | 0.1.6 | 22.00 | 117.51 | 139.51 | NOTE | |
| r-devel-linux-x86_64-fedora-gcc | 0.1.6 | 18.00 | 105.72 | 123.72 | NOTE | |
| r-devel-windows-x86_64 | 0.1.6 | 10.00 | 88.00 | 98.00 | OK | |
| r-patched-linux-x86_64 | 0.1.6 | 8.78 | 72.58 | 81.36 | NOTE | |
| r-release-linux-x86_64 | 0.1.6 | 7.27 | 73.17 | 80.44 | NOTE | |
| r-release-macos-arm64 | 0.1.6 | 3.00 | 30.00 | 33.00 | OK | |
| r-release-macos-x86_64 | 0.1.6 | 6.00 | 71.00 | 77.00 | OK | |
| r-release-windows-x86_64 | 0.1.6 | 12.00 | 89.00 | 101.00 | OK | |
| r-oldrel-macos-arm64 | 0.1.6 | 3.00 | 33.00 | 36.00 | OK | |
| r-oldrel-macos-x86_64 | 0.1.6 | 5.00 | 46.00 | 51.00 | OK | |
| r-oldrel-windows-x86_64 | 0.1.6 | 16.00 | 121.00 | 137.00 | OK |
Version: 0.1.6
Check: for non-standard things in the check directory
Result: NOTE
Found the following files/directories:
‘P2Run.csv’ ‘P2Run.html’ ‘P2Run.png’
Flavors: r-devel-linux-x86_64-debian-clang, r-devel-linux-x86_64-debian-gcc, r-devel-linux-x86_64-fedora-clang, r-devel-linux-x86_64-fedora-gcc, r-patched-linux-x86_64, r-release-linux-x86_64