Last updated on 2025-10-26 05:50:06 CET.
| Flavor | Version | Tinstall | Tcheck | Ttotal | Status | Flags |
|---|---|---|---|---|---|---|
| r-devel-linux-x86_64-debian-clang | 1.1 | 4.21 | 33.80 | 38.01 | NOTE | |
| r-devel-linux-x86_64-debian-gcc | 1.1 | 3.05 | 27.06 | 30.11 | NOTE | |
| r-devel-linux-x86_64-fedora-clang | 1.1 | 56.85 | OK | |||
| r-devel-linux-x86_64-fedora-gcc | 1.1 | 54.51 | OK | |||
| r-devel-windows-x86_64 | 1.1 | 5.00 | 48.00 | 53.00 | OK | |
| r-patched-linux-x86_64 | 1.1 | 3.60 | 32.45 | 36.05 | OK | |
| r-release-linux-x86_64 | 1.1 | 3.64 | 32.81 | 36.45 | OK | |
| r-release-macos-arm64 | 1.1 | 2.00 | 24.00 | 26.00 | OK | |
| r-release-macos-x86_64 | 1.1 | 4.00 | 33.00 | 37.00 | OK | |
| r-release-windows-x86_64 | 1.1 | 6.00 | 51.00 | 57.00 | OK | |
| r-oldrel-macos-arm64 | 1.1 | 2.00 | 19.00 | 21.00 | OK | |
| r-oldrel-macos-x86_64 | 1.1 | 3.00 | 27.00 | 30.00 | OK | |
| r-oldrel-windows-x86_64 | 1.1 | 7.00 | 59.00 | 66.00 | OK |
Version: 1.1
Check: CRAN incoming feasibility
Result: NOTE
Maintainer: ‘J. Dustin Tracy <tracy@chapman.edu>’
No Authors@R field in DESCRIPTION.
Please add one, modifying
Authors@R: c(person(given = c("J.", "Dustin"),
family = "Tracy",
role = c("aut", "cre"),
email = "tracy@chapman.edu"),
person(given = "Zhiyi",
family = "Xu",
role = "aut"),
person(given = "Sari",
family = "Acra",
role = "aut"),
person(given = c("Kong", "Y."),
family = "Chen",
role = "aut"),
person(given = c("Maciej", "S."),
family = "Buchowski",
role = "aut"),
person(given = "Thomas",
family = "Donnelly",
role = "aut"))
as necessary.
Flavors: r-devel-linux-x86_64-debian-clang, r-devel-linux-x86_64-debian-gcc