Last updated on 2025-10-25 21:49:49 CEST.
| Flavor | Version | Tinstall | Tcheck | Ttotal | Status | Flags |
|---|---|---|---|---|---|---|
| r-devel-linux-x86_64-debian-clang | 0.3.8 | 127.94 | 28.47 | 156.41 | NOTE | |
| r-devel-linux-x86_64-debian-gcc | 0.3.8 | 91.97 | 22.73 | 114.70 | NOTE | |
| r-devel-linux-x86_64-fedora-clang | 0.3.8 | 351.00 | -9.35 | 341.65 | NOTE | |
| r-devel-linux-x86_64-fedora-gcc | 0.3.8 | 294.00 | -2.62 | 291.38 | NOTE | |
| r-devel-windows-x86_64 | 0.3.8 | 137.00 | 71.00 | 208.00 | NOTE | |
| r-patched-linux-x86_64 | 0.3.8 | 131.85 | 27.39 | 159.24 | NOTE | |
| r-release-linux-x86_64 | 0.3.8 | 132.03 | 26.92 | 158.95 | NOTE | |
| r-release-macos-arm64 | 0.3.8 | 43.00 | 19.00 | 62.00 | NOTE | |
| r-release-macos-x86_64 | 0.3.8 | 49.00 | 27.00 | 76.00 | NOTE | |
| r-release-windows-x86_64 | 0.3.8 | 140.00 | 73.00 | 213.00 | NOTE | |
| r-oldrel-macos-arm64 | 0.3.8 | 59.00 | 16.00 | 75.00 | NOTE | |
| r-oldrel-macos-x86_64 | 0.3.8 | 53.00 | 26.00 | 79.00 | NOTE | |
| r-oldrel-windows-x86_64 | 0.3.8 | 136.00 | 86.00 | 222.00 | NOTE |
Version: 0.3.8
Check: C++ specification
Result: NOTE
Specified C++11: please drop specification unless essential
Flavors: r-devel-linux-x86_64-debian-clang, r-devel-linux-x86_64-debian-gcc, r-devel-linux-x86_64-fedora-clang, r-devel-linux-x86_64-fedora-gcc, r-devel-windows-x86_64, r-patched-linux-x86_64, r-release-linux-x86_64, r-release-macos-arm64, r-release-macos-x86_64, r-release-windows-x86_64, r-oldrel-macos-arm64, r-oldrel-macos-x86_64, r-oldrel-windows-x86_64
Version: 0.3.8
Check: installed package size
Result: NOTE
installed size is 8.9Mb
sub-directories of 1Mb or more:
libs 8.0Mb
Flavors: r-oldrel-macos-arm64, r-oldrel-macos-x86_64