Last updated on 2025-10-26 05:50:06 CET.
| Flavor | Version | Tinstall | Tcheck | Ttotal | Status | Flags |
|---|---|---|---|---|---|---|
| r-devel-linux-x86_64-debian-clang | 0.1.0 | 1.73 | 21.17 | 22.90 | NOTE | |
| r-devel-linux-x86_64-debian-gcc | 0.1.0 | 1.40 | 17.49 | 18.89 | NOTE | |
| r-devel-linux-x86_64-fedora-clang | 0.1.0 | 32.73 | NOTE | |||
| r-devel-linux-x86_64-fedora-gcc | 0.1.0 | 30.24 | NOTE | |||
| r-devel-windows-x86_64 | 0.1.0 | 2.00 | 38.00 | 40.00 | NOTE | |
| r-patched-linux-x86_64 | 0.1.0 | 1.81 | 18.90 | 20.71 | NOTE | |
| r-release-linux-x86_64 | 0.1.0 | 1.62 | 18.89 | 20.51 | NOTE | |
| r-release-macos-arm64 | 0.1.0 | 1.00 | 16.00 | 17.00 | NOTE | |
| r-release-macos-x86_64 | 0.1.0 | 2.00 | 22.00 | 24.00 | NOTE | |
| r-release-windows-x86_64 | 0.1.0 | 3.00 | 42.00 | 45.00 | NOTE | |
| r-oldrel-macos-arm64 | 0.1.0 | 1.00 | 12.00 | 13.00 | NOTE | |
| r-oldrel-macos-x86_64 | 0.1.0 | 1.00 | 18.00 | 19.00 | NOTE | |
| r-oldrel-windows-x86_64 | 0.1.0 | 3.00 | 45.00 | 48.00 | NOTE |
Version: 0.1.0
Check: package subdirectories
Result: NOTE
Problems with news in ‘NEWS.md’:
No news entries found.
Flavors: r-devel-linux-x86_64-debian-clang, r-devel-linux-x86_64-debian-gcc, r-devel-linux-x86_64-fedora-clang, r-devel-linux-x86_64-fedora-gcc, r-devel-windows-x86_64, r-patched-linux-x86_64, r-release-linux-x86_64, r-release-macos-arm64, r-release-macos-x86_64, r-release-windows-x86_64, r-oldrel-macos-arm64, r-oldrel-macos-x86_64, r-oldrel-windows-x86_64
Version: 0.1.0
Check: LazyData
Result: NOTE
'LazyData' is specified without a 'data' directory
Flavors: r-oldrel-macos-arm64, r-oldrel-macos-x86_64, r-oldrel-windows-x86_64