Last updated on 2025-10-26 21:51:11 CET.
| Flavor | Version | Tinstall | Tcheck | Ttotal | Status | Flags |
|---|---|---|---|---|---|---|
| r-devel-linux-x86_64-debian-clang | 0.4.0 | 3.47 | 37.13 | 40.60 | OK | |
| r-devel-linux-x86_64-debian-gcc | 0.4.0 | 2.46 | 27.52 | 29.98 | OK | |
| r-devel-linux-x86_64-fedora-clang | 0.4.0 | 13.00 | 50.63 | 63.63 | NOTE | |
| r-devel-linux-x86_64-fedora-gcc | 0.4.0 | 72.49 | NOTE | |||
| r-devel-windows-x86_64 | 0.4.0 | 7.00 | 54.00 | 61.00 | OK | |
| r-patched-linux-x86_64 | 0.4.0 | 3.29 | 34.51 | 37.80 | OK | |
| r-release-linux-x86_64 | 0.4.0 | 3.19 | 34.68 | 37.87 | OK | |
| r-release-macos-arm64 | 0.4.0 | 3.00 | 32.00 | 35.00 | OK | |
| r-release-macos-x86_64 | 0.4.0 | 4.00 | 48.00 | 52.00 | OK | |
| r-release-windows-x86_64 | 0.4.0 | 7.00 | 56.00 | 63.00 | OK | |
| r-oldrel-macos-arm64 | 0.4.0 | 3.00 | 30.00 | 33.00 | OK | |
| r-oldrel-macos-x86_64 | 0.4.0 | 5.00 | 64.00 | 69.00 | OK | |
| r-oldrel-windows-x86_64 | 0.4.0 | 9.00 | 66.00 | 75.00 | OK |
Version: 0.4.0
Check: dependencies in R code
Result: NOTE
Namespace in Imports field not imported from: ‘RSQLite’
All declared Imports should be used.
Flavors: r-devel-linux-x86_64-fedora-clang, r-devel-linux-x86_64-fedora-gcc