CRAN Package Check Results for Package Observation

Last updated on 2025-11-26 09:51:23 CET.

Flavor Version Tinstall Tcheck Ttotal Status Flags
r-devel-linux-x86_64-debian-clang 0.3.0 1.64 29.86 31.50 NOTE
r-devel-linux-x86_64-debian-gcc 0.3.0 1.63 23.92 25.55 NOTE
r-devel-linux-x86_64-fedora-clang 0.3.0 47.70 OK
r-devel-linux-x86_64-fedora-gcc 0.3.0 58.33 OK
r-devel-windows-x86_64 0.3.0 5.00 47.00 52.00 OK
r-patched-linux-x86_64 0.3.0 2.48 26.93 29.41 OK
r-release-linux-x86_64 0.3.0 2.27 26.97 29.24 OK
r-release-macos-arm64 0.3.0 OK
r-release-macos-x86_64 0.3.0 2.00 42.00 44.00 OK
r-release-windows-x86_64 0.3.0 4.00 60.00 64.00 OK
r-oldrel-macos-arm64 0.3.0 OK
r-oldrel-macos-x86_64 0.3.0 2.00 33.00 35.00 OK
r-oldrel-windows-x86_64 0.3.0 5.00 57.00 62.00 OK

Check Details

Version: 0.3.0
Check: CRAN incoming feasibility
Result: NOTE Maintainer: ‘Paul R. Hibbing <paulhibbing@gmail.com>’ Package CITATION file contains call(s) to old-style personList() or as.personList(). Please use c() on person objects instead. Package CITATION file contains call(s) to old-style citEntry(). Please use bibentry() instead. Flavors: r-devel-linux-x86_64-debian-clang, r-devel-linux-x86_64-debian-gcc