CRAN Package Check Results for Package NightDay

Last updated on 2025-11-26 17:50:00 CET.

Flavor Version Tinstall Tcheck Ttotal Status Flags
r-devel-linux-x86_64-debian-clang 1.0.1.1 1.77 18.96 20.73 NOTE
r-devel-linux-x86_64-debian-gcc 1.0.1.1 1.37 15.77 17.14 NOTE
r-devel-linux-x86_64-fedora-clang 1.0.1.1 30.91 OK
r-devel-linux-x86_64-fedora-gcc 1.0.1.1 29.16 OK
r-devel-windows-x86_64 1.0.1.1 4.00 38.00 42.00 OK
r-patched-linux-x86_64 1.0.1.1 1.63 17.85 19.48 OK
r-release-linux-x86_64 1.0.1.1 1.75 18.05 19.80 OK
r-release-macos-arm64 1.0.1.1 OK
r-release-macos-x86_64 1.0.1.1 2.00 24.00 26.00 OK
r-release-windows-x86_64 1.0.1.1 3.00 44.00 47.00 OK
r-oldrel-macos-arm64 1.0.1.1 OK
r-oldrel-macos-x86_64 1.0.1.1 2.00 19.00 21.00 OK
r-oldrel-windows-x86_64 1.0.1.1 2.00 41.00 43.00 OK

Check Details

Version: 1.0.1.1
Check: CRAN incoming feasibility
Result: NOTE Maintainer: ‘Max Hughes-Brandl <gordonmax@hotmail.de>’ No Authors@R field in DESCRIPTION. Please add one, modifying Authors@R: person(given = "Max", family = "Hughes-Brandl", role = c("aut", "cre"), email = "gordonmax@hotmail.de") as necessary. Flavors: r-devel-linux-x86_64-debian-clang, r-devel-linux-x86_64-debian-gcc