Last updated on 2025-10-25 21:49:47 CEST.
| Flavor | Version | Tinstall | Tcheck | Ttotal | Status | Flags |
|---|---|---|---|---|---|---|
| r-devel-linux-x86_64-debian-clang | 1.0.1 | 2.05 | 26.88 | 28.93 | NOTE | |
| r-devel-linux-x86_64-debian-gcc | 1.0.1 | 1.78 | 20.81 | 22.59 | NOTE | |
| r-devel-linux-x86_64-fedora-clang | 1.0.1 | 47.14 | OK | |||
| r-devel-linux-x86_64-fedora-gcc | 1.0.1 | 41.61 | OK | |||
| r-devel-windows-x86_64 | 1.0.1 | 3.00 | 43.00 | 46.00 | OK | |
| r-patched-linux-x86_64 | 1.0.1 | 2.49 | 25.81 | 28.30 | OK | |
| r-release-linux-x86_64 | 1.0.1 | 2.36 | 25.76 | 28.12 | OK | |
| r-release-macos-arm64 | 1.0.1 | 2.00 | 18.00 | 20.00 | OK | |
| r-release-macos-x86_64 | 1.0.1 | 2.00 | 28.00 | 30.00 | OK | |
| r-release-windows-x86_64 | 1.0.1 | 4.00 | 46.00 | 50.00 | OK | |
| r-oldrel-macos-arm64 | 1.0.1 | 1.00 | 16.00 | 17.00 | NOTE | |
| r-oldrel-macos-x86_64 | 1.0.1 | 2.00 | 22.00 | 24.00 | NOTE | |
| r-oldrel-windows-x86_64 | 1.0.1 | 4.00 | 50.00 | 54.00 | NOTE |
Version: 1.0.1
Check: CRAN incoming feasibility
Result: NOTE
Maintainer: ‘Chiu-Hsieh Hsu <pablo1639@gmail.com>’
No Authors@R field in DESCRIPTION.
Please add one, modifying
Authors@R: c(person(given = "Di",
family = "Ran",
role = "aut"),
person(given = "Chiu-Hsieh",
family = "Hsu",
role = c("aut", "cre"),
email = "pablo1639@gmail.com"),
person(given = "Mandi",
family = "Yu",
role = "aut"))
as necessary.
Flavors: r-devel-linux-x86_64-debian-clang, r-devel-linux-x86_64-debian-gcc
Version: 1.0.1
Check: LazyData
Result: NOTE
'LazyData' is specified without a 'data' directory
Flavors: r-oldrel-macos-arm64, r-oldrel-macos-x86_64, r-oldrel-windows-x86_64