Last updated on 2025-10-26 01:49:55 CEST.
| Flavor | Version | Tinstall | Tcheck | Ttotal | Status | Flags |
|---|---|---|---|---|---|---|
| r-devel-linux-x86_64-debian-clang | 1.1 | 7.50 | 53.39 | 60.89 | NOTE | |
| r-devel-linux-x86_64-debian-gcc | 1.1 | 4.79 | 38.78 | 43.57 | NOTE | |
| r-devel-linux-x86_64-fedora-clang | 1.1 | 19.00 | 75.76 | 94.76 | OK | |
| r-devel-linux-x86_64-fedora-gcc | 1.1 | 34.00 | 60.41 | 94.41 | NOTE | |
| r-devel-windows-x86_64 | 1.1 | 8.00 | 77.00 | 85.00 | OK | |
| r-patched-linux-x86_64 | 1.1 | 7.86 | 50.73 | 58.59 | OK | |
| r-release-linux-x86_64 | 1.1 | 6.85 | 51.09 | 57.94 | OK | |
| r-release-macos-arm64 | 1.1 | 3.00 | 28.00 | 31.00 | OK | |
| r-release-macos-x86_64 | 1.1 | 5.00 | 45.00 | 50.00 | OK | |
| r-release-windows-x86_64 | 1.1 | 9.00 | 81.00 | 90.00 | OK | |
| r-oldrel-macos-arm64 | 1.1 | 3.00 | 25.00 | 28.00 | OK | |
| r-oldrel-macos-x86_64 | 1.1 | 5.00 | 37.00 | 42.00 | OK | |
| r-oldrel-windows-x86_64 | 1.1 | 11.00 | 92.00 | 103.00 | OK |
Version: 1.1
Check: Rd files
Result: NOTE
checkRd: (-1) NAP-package.Rd:12-13: Only 2 columns allowed in this table (row 5 has 1)
Flavors: r-devel-linux-x86_64-debian-clang, r-devel-linux-x86_64-debian-gcc, r-devel-linux-x86_64-fedora-gcc