Last updated on 2025-10-25 13:48:42 CEST.
| Flavor | Version | Tinstall | Tcheck | Ttotal | Status | Flags |
|---|---|---|---|---|---|---|
| r-devel-linux-x86_64-debian-clang | 1.1.3 | 3.91 | 36.13 | 40.04 | OK | |
| r-devel-linux-x86_64-debian-gcc | 1.1.3 | 2.66 | 26.56 | 29.22 | OK | |
| r-devel-linux-x86_64-fedora-clang | 1.1.3 | 59.96 | NOTE | |||
| r-devel-linux-x86_64-fedora-gcc | 1.1.3 | 10.00 | 48.63 | 58.63 | NOTE | |
| r-devel-windows-x86_64 | 1.1.3 | 5.00 | 51.00 | 56.00 | OK | |
| r-patched-linux-x86_64 | 1.1.3 | 4.03 | 33.68 | 37.71 | OK | |
| r-release-linux-x86_64 | 1.1.3 | 3.85 | 33.43 | 37.28 | OK | |
| r-release-macos-arm64 | 1.1.3 | 2.00 | 21.00 | 23.00 | OK | |
| r-release-macos-x86_64 | 1.1.3 | 3.00 | 34.00 | 37.00 | OK | |
| r-release-windows-x86_64 | 1.1.3 | 5.00 | 53.00 | 58.00 | OK | |
| r-oldrel-macos-arm64 | 1.1.3 | 2.00 | 18.00 | 20.00 | OK | |
| r-oldrel-macos-x86_64 | 1.1.3 | 3.00 | 25.00 | 28.00 | OK | |
| r-oldrel-windows-x86_64 | 1.1.3 | 7.00 | 61.00 | 68.00 | OK |
Version: 1.1.3
Check: dependencies in R code
Result: NOTE
Namespace in Imports field not imported from: ‘qpdf’
All declared Imports should be used.
Flavors: r-devel-linux-x86_64-fedora-clang, r-devel-linux-x86_64-fedora-gcc