Last updated on 2025-10-25 13:48:41 CEST.
| Flavor | Version | Tinstall | Tcheck | Ttotal | Status | Flags |
|---|---|---|---|---|---|---|
| r-devel-linux-x86_64-debian-clang | 2.0.1 | 3.34 | 33.88 | 37.22 | OK | |
| r-devel-linux-x86_64-debian-gcc | 2.0.1 | 2.49 | 25.73 | 28.22 | OK | |
| r-devel-linux-x86_64-fedora-clang | 2.0.1 | 56.63 | NOTE | |||
| r-devel-linux-x86_64-fedora-gcc | 2.0.1 | 13.00 | 44.22 | 57.22 | NOTE | |
| r-devel-windows-x86_64 | 2.0.1 | 6.00 | 51.00 | 57.00 | OK | |
| r-patched-linux-x86_64 | 2.0.1 | 3.49 | 32.01 | 35.50 | OK | |
| r-release-linux-x86_64 | 2.0.1 | 3.31 | 32.65 | 35.96 | OK | |
| r-release-macos-arm64 | 2.0.1 | 2.00 | 25.00 | 27.00 | OK | |
| r-release-macos-x86_64 | 2.0.1 | 3.00 | 33.00 | 36.00 | OK | |
| r-release-windows-x86_64 | 2.0.1 | 6.00 | 54.00 | 60.00 | OK | |
| r-oldrel-macos-arm64 | 2.0.1 | 2.00 | 20.00 | 22.00 | OK | |
| r-oldrel-macos-x86_64 | 2.0.1 | 3.00 | 28.00 | 31.00 | OK | |
| r-oldrel-windows-x86_64 | 2.0.1 | 6.00 | 60.00 | 66.00 | OK |
Version: 2.0.1
Check: dependencies in R code
Result: NOTE
Namespaces in Imports field not imported from:
‘dplyr’ ‘rlang’ ‘testthat’
All declared Imports should be used.
Flavors: r-devel-linux-x86_64-fedora-clang, r-devel-linux-x86_64-fedora-gcc