Last updated on 2025-11-26 17:49:58 CET.
| Flavor | Version | Tinstall | Tcheck | Ttotal | Status | Flags |
|---|---|---|---|---|---|---|
| r-devel-linux-x86_64-debian-clang | 0.1.0 | 2.75 | 28.32 | 31.07 | NOTE | |
| r-devel-linux-x86_64-debian-gcc | 0.1.0 | 1.87 | 22.24 | 24.11 | NOTE | |
| r-devel-linux-x86_64-fedora-clang | 0.1.0 | 45.77 | OK | |||
| r-devel-linux-x86_64-fedora-gcc | 0.1.0 | 44.26 | OK | |||
| r-devel-windows-x86_64 | 0.1.0 | 5.00 | 53.00 | 58.00 | OK | |
| r-patched-linux-x86_64 | 0.1.0 | 3.01 | 26.56 | 29.57 | OK | |
| r-release-linux-x86_64 | 0.1.0 | 2.91 | 26.54 | 29.45 | OK | |
| r-release-macos-arm64 | 0.1.0 | OK | ||||
| r-release-macos-x86_64 | 0.1.0 | 2.00 | 35.00 | 37.00 | OK | |
| r-release-windows-x86_64 | 0.1.0 | 4.00 | 52.00 | 56.00 | OK | |
| r-oldrel-macos-arm64 | 0.1.0 | OK | ||||
| r-oldrel-macos-x86_64 | 0.1.0 | 3.00 | 26.00 | 29.00 | OK | |
| r-oldrel-windows-x86_64 | 0.1.0 | 6.00 | 60.00 | 66.00 | OK |
Version: 0.1.0
Check: CRAN incoming feasibility
Result: NOTE
Maintainer: ‘Luciane Ferreira Alcoforado <lucianea@id.uff.br>’
No Authors@R field in DESCRIPTION.
Please add one, modifying
Authors@R: person(given = c("Luciane", "Ferreira"),
family = "Alcoforado",
role = c("aut", "cre"),
email = "lucianea@id.uff.br")
as necessary.
Flavors: r-devel-linux-x86_64-debian-clang, r-devel-linux-x86_64-debian-gcc