CRAN Package Check Results for Package MakefileR

Last updated on 2025-07-12 21:50:48 CEST.

Flavor Version Tinstall Tcheck Ttotal Status Flags
r-devel-linux-x86_64-debian-clang 1.0 1.74 24.60 26.34 OK
r-devel-linux-x86_64-debian-gcc 1.0 1.37 20.78 22.15 OK
r-devel-linux-x86_64-fedora-clang 1.0 40.89 OK
r-devel-linux-x86_64-fedora-gcc 1.0 65.26 OK
r-devel-windows-x86_64 1.0 4.00 45.00 49.00 OK
r-patched-linux-x86_64 1.0 1.76 22.48 24.24 OK
r-release-linux-x86_64 1.0 1.44 22.51 23.95 OK
r-release-macos-arm64 1.0 27.00 OK
r-release-macos-x86_64 1.0 51.00 OK
r-release-windows-x86_64 1.0 3.00 45.00 48.00 OK
r-oldrel-macos-arm64 1.0 25.00 NOTE
r-oldrel-macos-x86_64 1.0 48.00 NOTE
r-oldrel-windows-x86_64 1.0 3.00 50.00 53.00 NOTE

Check Details

Version: 1.0
Check: LazyData
Result: NOTE 'LazyData' is specified without a 'data' directory Flavors: r-oldrel-macos-arm64, r-oldrel-macos-x86_64, r-oldrel-windows-x86_64