CRAN Package Check Results for Package MajKMeans

Last updated on 2025-11-26 17:49:58 CET.

Flavor Version Tinstall Tcheck Ttotal Status Flags
r-devel-linux-x86_64-debian-clang 0.1.0 1.77 20.87 22.64 OK
r-devel-linux-x86_64-debian-gcc 0.1.0 1.37 16.92 18.29 OK
r-devel-linux-x86_64-fedora-clang 0.1.0 33.55 NOTE
r-devel-linux-x86_64-fedora-gcc 0.1.0 31.60 NOTE
r-devel-windows-x86_64 0.1.0 4.00 39.00 43.00 OK
r-patched-linux-x86_64 0.1.0 1.85 19.73 21.58 OK
r-release-linux-x86_64 0.1.0 1.42 19.74 21.16 OK
r-release-macos-arm64 0.1.0 OK
r-release-macos-x86_64 0.1.0 2.00 23.00 25.00 OK
r-release-windows-x86_64 0.1.0 4.00 48.00 52.00 OK
r-oldrel-macos-arm64 0.1.0 NOTE
r-oldrel-macos-x86_64 0.1.0 2.00 19.00 21.00 NOTE
r-oldrel-windows-x86_64 0.1.0 3.00 44.00 47.00 NOTE

Check Details

Version: 0.1.0
Check: dependencies in R code
Result: NOTE Namespace in Imports field not imported from: ‘MASS’ All declared Imports should be used. Flavors: r-devel-linux-x86_64-fedora-clang, r-devel-linux-x86_64-fedora-gcc

Version: 0.1.0
Check: LazyData
Result: NOTE 'LazyData' is specified without a 'data' directory Flavors: r-oldrel-macos-arm64, r-oldrel-macos-x86_64, r-oldrel-windows-x86_64